Last updated on 2024-04-19 01:59:04 CEST.
Flavor | Version | Tinstall | Tcheck | Ttotal | Status | Flags |
---|---|---|---|---|---|---|
r-devel-linux-x86_64-debian-clang | 0.6 | 23.94 | 38.24 | 62.18 | OK | |
r-devel-linux-x86_64-debian-gcc | 0.6 | 17.54 | 29.43 | 46.97 | OK | |
r-devel-linux-x86_64-fedora-clang | 0.6 | 86.51 | NOTE | |||
r-devel-linux-x86_64-fedora-gcc | 0.6 | 113.25 | NOTE | |||
r-prerel-macos-arm64 | 0.6 | 36.00 | OK | |||
r-prerel-windows-x86_64 | 0.6 | 21.00 | 66.00 | 87.00 | OK | |
r-patched-linux-x86_64 | 0.6 | 23.93 | 37.22 | 61.15 | OK | |
r-release-linux-x86_64 | 0.6 | 23.04 | 36.93 | 59.97 | OK | |
r-release-macos-arm64 | 0.6 | 41.00 | OK | |||
r-release-macos-x86_64 | 0.6 | 58.00 | OK | |||
r-release-windows-x86_64 | 0.6 | 26.00 | 72.00 | 98.00 | OK | |
r-oldrel-macos-arm64 | 0.6 | 33.00 | OK | |||
r-oldrel-windows-x86_64 | 0.6 | 28.00 | 75.00 | 103.00 | OK |
Version: 0.6
Check: compiled code
Result: NOTE
File ‘tagcloud/libs/tagcloud.so’:
Found no calls to: ‘R_registerRoutines’, ‘R_useDynamicSymbols’
It is good practice to register native routines and to disable symbol
search.
See ‘Writing portable packages’ in the ‘Writing R Extensions’ manual.
Flavors: r-devel-linux-x86_64-fedora-clang, r-devel-linux-x86_64-fedora-gcc