Last updated on 2022-07-02 01:49:09 CEST.
Flavor | Version | Tinstall | Tcheck | Ttotal | Status | Flags |
---|---|---|---|---|---|---|
r-devel-linux-x86_64-debian-clang | 0.2.0 | 9.06 | 73.00 | 82.06 | NOTE | |
r-devel-linux-x86_64-debian-gcc | 0.2.0 | 6.17 | 55.40 | 61.57 | NOTE | |
r-devel-linux-x86_64-fedora-clang | 0.2.0 | 107.30 | NOTE | |||
r-devel-linux-x86_64-fedora-gcc | 0.2.0 | 104.84 | NOTE | |||
r-devel-windows-x86_64 | 0.2.0 | 23.00 | 100.00 | 123.00 | NOTE | |
r-patched-linux-x86_64 | 0.2.0 | 6.99 | 69.27 | 76.26 | NOTE | |
r-release-linux-x86_64 | 0.2.0 | 7.82 | 69.57 | 77.39 | NOTE | |
r-release-macos-arm64 | 0.2.0 | 31.00 | NOTE | |||
r-release-macos-x86_64 | 0.2.0 | 62.00 | NOTE | |||
r-release-windows-x86_64 | 0.2.0 | 16.00 | 99.00 | 115.00 | NOTE | |
r-oldrel-macos-arm64 | 0.2.0 | 30.00 | NOTE | |||
r-oldrel-macos-x86_64 | 0.2.0 | 57.00 | NOTE | |||
r-oldrel-windows-ix86+x86_64 | 0.2.0 | 19.00 | 99.00 | 118.00 | NOTE |
Version: 0.2.0
Check: LazyData
Result: NOTE
'LazyData' is specified without a 'data' directory
Flavors: r-devel-linux-x86_64-debian-clang, r-devel-linux-x86_64-debian-gcc, r-devel-linux-x86_64-fedora-clang, r-devel-linux-x86_64-fedora-gcc, r-devel-windows-x86_64, r-patched-linux-x86_64, r-release-linux-x86_64, r-release-macos-arm64, r-release-macos-x86_64, r-release-windows-x86_64, r-oldrel-macos-arm64, r-oldrel-macos-x86_64, r-oldrel-windows-ix86+x86_64
Version: 0.2.0
Check: dependencies in R code
Result: NOTE
Namespaces in Imports field not imported from:
‘MASS’ ‘devEMF’ ‘segmented’ ‘smoother’ ‘tools’
All declared Imports should be used.
Flavors: r-devel-linux-x86_64-fedora-clang, r-devel-linux-x86_64-fedora-gcc, r-release-macos-arm64, r-release-macos-x86_64, r-oldrel-macos-arm64, r-oldrel-macos-x86_64