CRAN Package Check Results for Package taxizedb

Last updated on 2022-05-17 02:53:22 CEST.

Flavor Version Tinstall Tcheck Ttotal Status Flags
r-devel-linux-x86_64-debian-clang 0.3.0 9.27 85.34 94.61 NOTE
r-devel-linux-x86_64-debian-gcc 0.3.0 7.28 62.54 69.82 NOTE
r-devel-linux-x86_64-fedora-clang 0.3.0 109.96 NOTE
r-devel-linux-x86_64-fedora-gcc 0.3.0 107.00 NOTE
r-devel-windows-x86_64 0.3.0 39.00 100.00 139.00 NOTE
r-patched-linux-x86_64 0.3.0 7.21 79.56 86.77 NOTE
r-release-linux-x86_64 0.3.0 6.26 78.98 85.24 NOTE
r-release-macos-arm64 0.3.0 30.00 NOTE
r-release-macos-x86_64 0.3.0 61.00 NOTE
r-release-windows-x86_64 0.3.0 34.00 98.00 132.00 NOTE
r-oldrel-macos-arm64 0.3.0 31.00 NOTE
r-oldrel-macos-x86_64 0.3.0 58.00 NOTE
r-oldrel-windows-ix86+x86_64 0.3.0 21.00 95.00 116.00 NOTE

Check Details

Version: 0.3.0
Check: LazyData
Result: NOTE
     'LazyData' is specified without a 'data' directory
Flavors: r-devel-linux-x86_64-debian-clang, r-devel-linux-x86_64-debian-gcc, r-devel-linux-x86_64-fedora-clang, r-devel-linux-x86_64-fedora-gcc, r-devel-windows-x86_64, r-patched-linux-x86_64, r-release-linux-x86_64, r-release-macos-arm64, r-release-macos-x86_64, r-release-windows-x86_64, r-oldrel-macos-arm64, r-oldrel-macos-x86_64, r-oldrel-windows-ix86+x86_64