Last updated on 2024-08-16 01:48:32 CEST.
Flavor | Version | Tinstall | Tcheck | Ttotal | Status | Flags |
---|---|---|---|---|---|---|
r-devel-linux-x86_64-debian-clang | 3.1.0 | 17.42 | 199.46 | 216.88 | NOTE | |
r-devel-linux-x86_64-debian-gcc | 3.1.0 | 10.35 | 143.26 | 153.61 | NOTE | |
r-devel-linux-x86_64-fedora-clang | 3.1.0 | 354.48 | OK | |||
r-devel-linux-x86_64-fedora-gcc | 3.1.0 | 357.35 | OK | |||
r-devel-windows-x86_64 | 3.1.0 | 17.00 | 199.00 | 216.00 | NOTE | |
r-patched-linux-x86_64 | 3.1.0 | 23.11 | 186.63 | 209.74 | OK | |
r-release-linux-x86_64 | 3.1.0 | 16.71 | 187.78 | 204.49 | OK | |
r-release-macos-arm64 | 3.1.0 | 104.00 | OK | |||
r-release-macos-x86_64 | 3.1.0 | 144.00 | OK | |||
r-release-windows-x86_64 | 3.1.0 | 18.00 | 199.00 | 217.00 | OK | |
r-oldrel-macos-arm64 | 3.1.0 | 87.00 | OK | |||
r-oldrel-macos-x86_64 | 3.1.0 | 183.00 | OK | |||
r-oldrel-windows-x86_64 | 3.1.0 | 23.00 | 232.00 | 255.00 | OK |
Version: 3.1.0
Check: Rd cross-references
Result: NOTE
Found the following Rd file(s) with Rd \link{} targets missing package
anchors:
tcplLoadConcUnit.Rd: data.table
tcplLoadData.Rd: data.table
tcplLoadUnit.Rd: data.table
tcplLvlCount.Rd: data.table
Please provide package anchors for all Rd \link{} targets not in the
package itself and the base packages.
Flavors: r-devel-linux-x86_64-debian-clang, r-devel-linux-x86_64-debian-gcc, r-devel-windows-x86_64