CRAN Package Check Results for Package telegram

Last updated on 2022-07-04 02:53:44 CEST.

Flavor Version Tinstall Tcheck Ttotal Status Flags
r-devel-linux-x86_64-debian-clang 0.6.0 4.13 26.14 30.27 NOTE
r-devel-linux-x86_64-debian-gcc 0.6.0 2.94 20.39 23.33 NOTE
r-devel-linux-x86_64-fedora-clang 0.6.0 47.25 NOTE
r-devel-linux-x86_64-fedora-gcc 0.6.0 45.72 NOTE
r-devel-windows-x86_64 0.6.0 20.00 51.00 71.00 NOTE
r-patched-linux-x86_64 0.6.0 7.66 25.14 32.80 NOTE
r-release-linux-x86_64 0.6.0 3.52 25.48 29.00 NOTE
r-release-macos-arm64 0.6.0 17.00 NOTE
r-release-macos-x86_64 0.6.0 24.00 NOTE
r-release-windows-x86_64 0.6.0 13.00 50.00 63.00 NOTE
r-oldrel-macos-arm64 0.6.0 20.00 NOTE
r-oldrel-macos-x86_64 0.6.0 26.00 NOTE
r-oldrel-windows-ix86+x86_64 0.6.0 7.00 44.00 51.00 NOTE

Check Details

Version: 0.6.0
Check: LazyData
Result: NOTE
     'LazyData' is specified without a 'data' directory
Flavors: r-devel-linux-x86_64-debian-clang, r-devel-linux-x86_64-debian-gcc, r-devel-linux-x86_64-fedora-clang, r-devel-linux-x86_64-fedora-gcc, r-devel-windows-x86_64, r-patched-linux-x86_64, r-release-linux-x86_64, r-release-macos-arm64, r-release-macos-x86_64, r-release-windows-x86_64, r-oldrel-macos-arm64, r-oldrel-macos-x86_64, r-oldrel-windows-ix86+x86_64