CRAN Package Check Results for Package telegram

Last updated on 2025-02-01 01:50:48 CET.

Flavor Version Tinstall Tcheck Ttotal Status Flags
r-devel-linux-x86_64-debian-clang 0.6.0 2.91 20.92 23.83 NOTE
r-devel-linux-x86_64-debian-gcc 0.6.0 2.21 17.05 19.26 NOTE
r-devel-linux-x86_64-fedora-clang 0.6.0 38.36 OK
r-devel-linux-x86_64-fedora-gcc 0.6.0 35.94 OK
r-devel-windows-x86_64 0.6.0 4.00 59.00 63.00 NOTE
r-patched-linux-x86_64 0.6.0 6.48 19.94 26.42 NOTE
r-release-linux-x86_64 0.6.0 2.74 20.02 22.76 NOTE
r-release-macos-arm64 0.6.0 16.00 NOTE
r-release-macos-x86_64 0.6.0 23.00 NOTE
r-release-windows-x86_64 0.6.0 4.00 46.00 50.00 NOTE
r-oldrel-macos-arm64 0.6.0 16.00 NOTE
r-oldrel-macos-x86_64 0.6.0 20.00 NOTE
r-oldrel-windows-x86_64 0.6.0 5.00 48.00 53.00 NOTE

Check Details

Version: 0.6.0
Check: Rd cross-references
Result: NOTE Found the following Rd file(s) with Rd \link{} targets missing package anchors: TGBot.Rd: R6Class Please provide package anchors for all Rd \link{} targets not in the package itself and the base packages. Flavors: r-devel-linux-x86_64-debian-clang, r-devel-linux-x86_64-debian-gcc, r-devel-windows-x86_64

Version: 0.6.0
Check: LazyData
Result: NOTE 'LazyData' is specified without a 'data' directory Flavors: r-patched-linux-x86_64, r-release-linux-x86_64, r-release-macos-arm64, r-release-macos-x86_64, r-release-windows-x86_64, r-oldrel-macos-arm64, r-oldrel-macos-x86_64, r-oldrel-windows-x86_64