CRAN Package Check Results for Package telemac

Last updated on 2022-06-28 01:51:45 CEST.

Flavor Version Tinstall Tcheck Ttotal Status Flags
r-devel-linux-x86_64-debian-clang 0.1.1 44.44 121.53 165.97 OK
r-devel-linux-x86_64-debian-gcc 0.1.1 37.30 88.91 126.21 OK
r-devel-linux-x86_64-fedora-clang 0.1.1 219.98 NOTE
r-devel-linux-x86_64-fedora-gcc 0.1.1 212.53 OK
r-devel-windows-x86_64 0.1.1 69.00 176.00 245.00 NOTE
r-patched-linux-x86_64 0.1.1 41.87 112.73 154.60 OK
r-release-linux-x86_64 0.1.1 32.56 113.73 146.29 OK
r-release-macos-arm64 0.1.1 57.00 NOTE
r-release-macos-x86_64 0.1.1 95.00 NOTE
r-release-windows-x86_64 0.1.1 84.00 169.00 253.00 NOTE
r-oldrel-macos-arm64 0.1.1 53.00 NOTE
r-oldrel-macos-x86_64 0.1.1 78.00 NOTE
r-oldrel-windows-ix86+x86_64 0.1.1 113.00 216.00 329.00 NOTE

Additional issues

noSuggests

Check Details

Version: 0.1.1
Check: installed package size
Result: NOTE
     installed size is 6.6Mb
     sub-directories of 1Mb or more:
     doc 3.7Mb
     libs 1.4Mb
     telemac 1.0Mb
Flavors: r-devel-linux-x86_64-fedora-clang, r-devel-windows-x86_64, r-release-macos-arm64, r-release-macos-x86_64, r-release-windows-x86_64, r-oldrel-macos-arm64, r-oldrel-macos-x86_64, r-oldrel-windows-ix86+x86_64

Version: 0.1.1
Check: Rd cross-references
Result: NOTE
    Undeclared package ‘tibble’ in Rd xrefs
Flavor: r-devel-linux-x86_64-fedora-clang