Last updated on 2024-07-27 01:53:25 CEST.
Flavor | Version | Tinstall | Tcheck | Ttotal | Status | Flags |
---|---|---|---|---|---|---|
r-devel-linux-x86_64-debian-clang | 0.5.1 | 9.02 | 222.26 | 231.28 | OK | |
r-devel-linux-x86_64-debian-gcc | 0.5.1 | 5.23 | 167.15 | 172.38 | OK | |
r-devel-linux-x86_64-fedora-clang | 0.5.1 | 308.58 | NOTE | |||
r-devel-linux-x86_64-fedora-gcc | 0.5.1 | 293.23 | OK | |||
r-patched-linux-x86_64 | 0.5.1 | OK | ||||
r-release-macos-arm64 | 0.5.1 | 125.00 | NOTE | |||
r-release-macos-x86_64 | 0.5.1 | 398.00 | NOTE | |||
r-release-windows-x86_64 | 0.5.1 | 11.00 | 253.00 | 264.00 | OK | |
r-oldrel-macos-arm64 | 0.5.1 | 112.00 | NOTE | |||
r-oldrel-macos-x86_64 | 0.5.1 | 299.00 | NOTE | |||
r-oldrel-windows-x86_64 | 0.5.1 | 15.00 | 280.00 | 295.00 | OK |
Version: 0.5.1
Check: installed package size
Result: NOTE
installed size is 5.9Mb
sub-directories of 1Mb or more:
extdata 5.0Mb
Flavors: r-devel-linux-x86_64-fedora-clang, r-release-macos-arm64, r-release-macos-x86_64, r-oldrel-macos-arm64, r-oldrel-macos-x86_64