Last updated on 2024-04-25 01:55:31 CEST.
Flavor | Version | Tinstall | Tcheck | Ttotal | Status | Flags |
---|---|---|---|---|---|---|
r-devel-linux-x86_64-debian-clang | 1.0.1 | 9.12 | 101.82 | 110.94 | NOTE | |
r-devel-linux-x86_64-debian-gcc | 1.0.1 | 10.04 | 72.66 | 82.70 | NOTE | |
r-devel-linux-x86_64-fedora-clang | 1.0.1 | 146.51 | NOTE | |||
r-devel-linux-x86_64-fedora-gcc | 1.0.1 | 140.51 | NOTE | |||
r-devel-windows-x86_64 | 1.0.1 | 11.00 | 81.00 | 92.00 | NOTE | |
r-patched-linux-x86_64 | 1.0.1 | 15.62 | 96.44 | 112.06 | NOTE | |
r-release-linux-x86_64 | 1.0.1 | 14.26 | 95.82 | 110.08 | OK | |
r-release-macos-arm64 | 1.0.1 | 37.00 | NOTE | |||
r-release-windows-x86_64 | 1.0.1 | 10.00 | 83.00 | 93.00 | NOTE | |
r-oldrel-macos-arm64 | 1.0.1 | 40.00 | OK | |||
r-oldrel-macos-x86_64 | 1.0.1 | 130.00 | OK | |||
r-oldrel-windows-x86_64 | 1.0.1 | 15.00 | 101.00 | 116.00 | OK |
Version: 1.0.1
Check: Rd files
Result: NOTE
checkRd: (-1) tenFM.rank.Rd:31: Lost braces; missing escapes or markup?
31 | \item{penalty}{takes value in {1,2,3,4,5}, decides which penalty function to use for each tesnor mode \eqn{k}. Here \eqn{\nu} is a tuning parameter defined in the argument "\code{delta1}", and \eqn{d=\prod_{i=1}^{K} d_k }.
| ^
Flavors: r-devel-linux-x86_64-debian-clang, r-devel-linux-x86_64-debian-gcc, r-devel-linux-x86_64-fedora-clang, r-devel-linux-x86_64-fedora-gcc, r-devel-windows-x86_64, r-patched-linux-x86_64, r-release-macos-arm64, r-release-windows-x86_64