Last updated on 2024-04-23 01:57:17 CEST.
Flavor | Version | Tinstall | Tcheck | Ttotal | Status | Flags |
---|---|---|---|---|---|---|
r-devel-linux-x86_64-debian-clang | 1.0.1 | 3.64 | 236.64 | 240.28 | NOTE | |
r-devel-linux-x86_64-debian-gcc | 1.0.1 | 2.84 | 156.85 | 159.69 | NOTE | |
r-devel-linux-x86_64-fedora-clang | 1.0.1 | 288.19 | NOTE | |||
r-devel-linux-x86_64-fedora-gcc | 1.0.1 | 307.47 | NOTE | |||
r-prerel-macos-arm64 | 1.0.1 | 83.00 | NOTE | |||
r-prerel-windows-x86_64 | 1.0.1 | 4.00 | 186.00 | 190.00 | NOTE | |
r-patched-linux-x86_64 | 1.0.1 | 5.40 | 216.56 | 221.96 | NOTE | |
r-release-linux-x86_64 | 1.0.1 | 3.96 | 214.04 | 218.00 | NOTE | |
r-release-macos-arm64 | 1.0.1 | 97.00 | NOTE | |||
r-release-macos-x86_64 | 1.0.1 | 162.00 | NOTE | |||
r-release-windows-x86_64 | 1.0.1 | 5.00 | 223.00 | 228.00 | NOTE | |
r-oldrel-macos-arm64 | 1.0.1 | 96.00 | NOTE | |||
r-oldrel-windows-x86_64 | 1.0.1 | 6.00 | 214.00 | 220.00 | NOTE |
Version: 1.0.1
Check: LazyData
Result: NOTE
'LazyData' is specified without a 'data' directory
Flavors: r-devel-linux-x86_64-debian-clang, r-devel-linux-x86_64-debian-gcc, r-devel-linux-x86_64-fedora-clang, r-devel-linux-x86_64-fedora-gcc, r-prerel-macos-arm64, r-prerel-windows-x86_64, r-patched-linux-x86_64, r-release-linux-x86_64, r-release-macos-arm64, r-release-macos-x86_64, r-release-windows-x86_64, r-oldrel-macos-arm64, r-oldrel-windows-x86_64