Last updated on 2024-03-29 01:51:20 CET.
Flavor | Version | Tinstall | Tcheck | Ttotal | Status | Flags |
---|---|---|---|---|---|---|
r-devel-linux-x86_64-debian-clang | 5.2.1 | 20.87 | 100.72 | 121.59 | OK | |
r-devel-linux-x86_64-debian-gcc | 5.2.1 | 20.18 | 194.94 | 215.12 | OK | |
r-devel-linux-x86_64-fedora-gcc | 5.2.1 | 225.50 | OK | |||
r-devel-windows-x86_64 | 5.2.1 | 46.00 | 150.00 | 196.00 | NOTE | |
r-patched-linux-x86_64 | 5.2.1 | 25.55 | 109.38 | 134.93 | OK | |
r-release-linux-x86_64 | 5.2.1 | 22.33 | 102.63 | 124.96 | OK | |
r-release-macos-arm64 | 5.2.1 | 65.00 | NOTE | |||
r-release-macos-x86_64 | 5.2.1 | 169.00 | NOTE | |||
r-release-windows-x86_64 | 5.2.1 | 53.00 | 169.00 | 222.00 | NOTE | |
r-oldrel-macos-arm64 | 5.2.1 | 61.00 | NOTE | |||
r-oldrel-windows-x86_64 | 5.2.1 | 47.00 | 136.00 | 183.00 | NOTE |
Version: 5.2.1
Check: installed package size
Result: NOTE
installed size is 23.3Mb
sub-directories of 1Mb or more:
doc 1.1Mb
libs 8.1Mb
tessdata 14.0Mb
Flavors: r-devel-windows-x86_64, r-release-macos-arm64, r-release-macos-x86_64, r-release-windows-x86_64, r-oldrel-macos-arm64, r-oldrel-windows-x86_64