Last updated on 2024-04-23 01:57:18 CEST.
Flavor | Version | Tinstall | Tcheck | Ttotal | Status | Flags |
---|---|---|---|---|---|---|
r-devel-linux-x86_64-debian-clang | 1.39.3 | 17.38 | 175.86 | 193.24 | NOTE | |
r-devel-linux-x86_64-debian-gcc | 1.39.3 | 12.01 | 124.27 | 136.28 | NOTE | |
r-devel-linux-x86_64-fedora-clang | 1.39.3 | 247.53 | NOTE | |||
r-devel-linux-x86_64-fedora-gcc | 1.39.3 | 265.29 | NOTE | |||
r-prerel-macos-arm64 | 1.39.3 | 67.00 | NOTE | |||
r-prerel-windows-x86_64 | 1.39.3 | 15.00 | 170.00 | 185.00 | NOTE | |
r-patched-linux-x86_64 | 1.39.3 | 23.75 | 167.39 | 191.14 | NOTE | |
r-release-linux-x86_64 | 1.39.3 | 12.96 | 167.67 | 180.63 | NOTE | |
r-release-macos-arm64 | 1.39.3 | 79.00 | NOTE | |||
r-release-macos-x86_64 | 1.39.3 | 166.00 | NOTE | |||
r-release-windows-x86_64 | 1.39.3 | 23.00 | 196.00 | 219.00 | NOTE | |
r-oldrel-macos-arm64 | 1.39.3 | 78.00 | NOTE | |||
r-oldrel-windows-x86_64 | 1.39.3 | 24.00 | 165.00 | 189.00 | NOTE |
Version: 1.39.3
Check: package dependencies
Result: NOTE
Packages which this enhances but not available for checking:
'mhurdle', 'mnlogit', 'Zelig'
Flavors: r-devel-linux-x86_64-debian-clang, r-devel-linux-x86_64-debian-gcc, r-devel-linux-x86_64-fedora-clang, r-devel-linux-x86_64-fedora-gcc, r-patched-linux-x86_64, r-release-linux-x86_64
Version: 1.39.3
Check: Rd cross-references
Result: NOTE
Unknown package ‘mhurdle’ in Rd xrefs
Flavors: r-devel-linux-x86_64-debian-clang, r-devel-linux-x86_64-debian-gcc, r-devel-linux-x86_64-fedora-clang, r-devel-linux-x86_64-fedora-gcc, r-patched-linux-x86_64, r-release-linux-x86_64
Version: 1.39.3
Check: package dependencies
Result: NOTE
Packages which this enhances but not available for checking:
'mnlogit', 'Zelig'
Flavors: r-prerel-macos-arm64, r-prerel-windows-x86_64, r-release-macos-arm64, r-release-macos-x86_64, r-release-windows-x86_64, r-oldrel-windows-x86_64
Version: 1.39.3
Check: package dependencies
Result: NOTE
Package which this enhances but not available for checking: ‘mnlogit’
Flavor: r-oldrel-macos-arm64