Last updated on 2024-08-16 01:48:32 CEST.
Flavor | Version | Tinstall | Tcheck | Ttotal | Status | Flags |
---|---|---|---|---|---|---|
r-devel-linux-x86_64-debian-clang | 1.1.1 | 5.68 | 245.83 | 251.51 | NOTE | |
r-devel-linux-x86_64-debian-gcc | 1.1.1 | 6.13 | 217.46 | 223.59 | NOTE | |
r-devel-linux-x86_64-fedora-clang | 1.1.1 | 499.04 | NOTE | |||
r-devel-linux-x86_64-fedora-gcc | 1.1.1 | 481.68 | NOTE | |||
r-devel-windows-x86_64 | 1.1.1 | 10.00 | 221.00 | 231.00 | NOTE | |
r-patched-linux-x86_64 | 1.1.1 | 13.01 | 278.33 | 291.34 | OK | |
r-release-linux-x86_64 | 1.1.1 | 7.68 | 280.73 | 288.41 | OK | |
r-release-macos-arm64 | 1.1.1 | 124.00 | OK | |||
r-release-macos-x86_64 | 1.1.1 | 222.00 | OK | |||
r-release-windows-x86_64 | 1.1.1 | 12.00 | 225.00 | 237.00 | OK | |
r-oldrel-macos-arm64 | 1.1.1 | 129.00 | OK | |||
r-oldrel-macos-x86_64 | 1.1.1 | 247.00 | OK | |||
r-oldrel-windows-x86_64 | 1.1.1 | 15.00 | 278.00 | 293.00 | OK |
Version: 1.1.1
Check: Rd cross-references
Result: NOTE
Found the following Rd file(s) with Rd \link{} targets missing package
anchors:
plot_sdg.Rd: color
Please provide package anchors for all Rd \link{} targets not in the
package itself and the base packages.
Flavors: r-devel-linux-x86_64-debian-clang, r-devel-linux-x86_64-debian-gcc, r-devel-windows-x86_64
Version: 1.1.1
Check: data for non-ASCII characters
Result: NOTE
Note: found 37 marked UTF-8 strings
Flavors: r-devel-linux-x86_64-fedora-clang, r-devel-linux-x86_64-fedora-gcc