CRAN Package Check Results for Package text2vec

Last updated on 2022-05-17 02:53:23 CEST.

Flavor Version Tinstall Tcheck Ttotal Status Flags
r-devel-linux-x86_64-debian-clang 0.6.1 61.30 318.70 380.00 OK
r-devel-linux-x86_64-debian-gcc 0.6.1 58.30 263.02 321.32 OK
r-devel-linux-x86_64-fedora-clang 0.6.1 460.67 NOTE
r-devel-linux-x86_64-fedora-gcc 0.6.1 477.49 OK
r-devel-windows-x86_64 0.6.1 103.00 385.00 488.00 NOTE
r-patched-linux-x86_64 0.6.1 71.19 306.14 377.33 OK
r-release-linux-x86_64 0.6.1 63.06 310.07 373.13 OK
r-release-macos-arm64 0.6.1 140.00 NOTE
r-release-macos-x86_64 0.6.1 157.00 NOTE
r-release-windows-x86_64 0.6.1 105.00 376.00 481.00 NOTE
r-oldrel-macos-arm64 0.6.1 112.00 NOTE
r-oldrel-macos-x86_64 0.6.1 169.00 NOTE
r-oldrel-windows-ix86+x86_64 0.6.1 152.00 588.00 740.00 NOTE

Check Details

Version: 0.6.1
Check: installed package size
Result: NOTE
     installed size is 10.2Mb
     sub-directories of 1Mb or more:
     data 2.7Mb
     doc 3.6Mb
     libs 3.3Mb
Flavors: r-devel-linux-x86_64-fedora-clang, r-devel-windows-x86_64, r-release-macos-arm64, r-release-macos-x86_64, r-release-windows-x86_64, r-oldrel-macos-arm64, r-oldrel-macos-x86_64, r-oldrel-windows-ix86+x86_64