Last updated on 2024-04-19 01:59:04 CEST.
Flavor | Version | Tinstall | Tcheck | Ttotal | Status | Flags |
---|---|---|---|---|---|---|
r-devel-linux-x86_64-debian-clang | 0.6.1 | 9.18 | 91.77 | 100.95 | NOTE | |
r-devel-linux-x86_64-debian-gcc | 0.6.1 | 7.67 | 67.60 | 75.27 | NOTE | |
r-devel-linux-x86_64-fedora-clang | 0.6.1 | 131.61 | NOTE | |||
r-devel-linux-x86_64-fedora-gcc | 0.6.1 | 142.54 | NOTE | |||
r-prerel-macos-arm64 | 0.6.1 | 42.00 | NOTE | |||
r-prerel-windows-x86_64 | 0.6.1 | 9.00 | 118.00 | 127.00 | NOTE | |
r-patched-linux-x86_64 | 0.6.1 | 8.82 | 87.41 | 96.23 | NOTE | |
r-release-linux-x86_64 | 0.6.1 | 8.97 | 84.63 | 93.60 | NOTE | |
r-release-macos-arm64 | 0.6.1 | 46.00 | NOTE | |||
r-release-macos-x86_64 | 0.6.1 | 75.00 | NOTE | |||
r-release-windows-x86_64 | 0.6.1 | 12.00 | 113.00 | 125.00 | NOTE | |
r-oldrel-macos-arm64 | 0.6.1 | 32.00 | NOTE | |||
r-oldrel-windows-x86_64 | 0.6.1 | 12.00 | 117.00 | 129.00 | NOTE |
Version: 0.6.1
Check: LazyData
Result: NOTE
'LazyData' is specified without a 'data' directory
Flavors: r-devel-linux-x86_64-debian-clang, r-devel-linux-x86_64-debian-gcc, r-devel-linux-x86_64-fedora-clang, r-devel-linux-x86_64-fedora-gcc, r-prerel-macos-arm64, r-prerel-windows-x86_64, r-patched-linux-x86_64, r-release-linux-x86_64, r-release-macos-arm64, r-release-macos-x86_64, r-release-windows-x86_64, r-oldrel-macos-arm64, r-oldrel-windows-x86_64