Last updated on 2024-03-28 01:54:13 CET.
Flavor | Version | Tinstall | Tcheck | Ttotal | Status | Flags |
---|---|---|---|---|---|---|
r-devel-linux-x86_64-debian-clang | 0.15.1 | 16.89 | 228.58 | 245.47 | NOTE | |
r-devel-linux-x86_64-debian-gcc | 0.15.1 | 13.64 | 170.28 | 183.92 | NOTE | |
r-devel-linux-x86_64-fedora-clang | 0.15.1 | 302.44 | NOTE | |||
r-devel-linux-x86_64-fedora-gcc | 0.15.1 | 302.77 | NOTE | |||
r-devel-windows-x86_64 | 0.15.1 | 18.00 | 278.00 | 296.00 | NOTE | |
r-patched-linux-x86_64 | 0.15.1 | 50.39 | 218.69 | 269.08 | OK | |
r-release-linux-x86_64 | 0.15.1 | 16.20 | 220.94 | 237.14 | OK | |
r-release-macos-arm64 | 0.15.1 | 91.00 | OK | |||
r-release-macos-x86_64 | 0.15.1 | 148.00 | OK | |||
r-release-windows-x86_64 | 0.15.1 | 25.00 | 330.00 | 355.00 | OK | |
r-oldrel-macos-arm64 | 0.15.1 | 63.00 | OK | |||
r-oldrel-windows-x86_64 | 0.15.1 | 25.00 | 234.00 | 259.00 | OK |
Version: 0.15.1
Check: Rd files
Result: NOTE
checkRd: (-1) tfd_von_mises_fisher.Rd:63: Lost braces; missing escapes or markup?
63 | NOTE: Currently only n in {2, 3, 4, 5} are supported. For n=5 some numerical
| ^
Flavors: r-devel-linux-x86_64-debian-clang, r-devel-linux-x86_64-debian-gcc, r-devel-linux-x86_64-fedora-clang, r-devel-linux-x86_64-fedora-gcc, r-devel-windows-x86_64