Last updated on 2025-05-29 01:49:48 CEST.
Flavor | Version | Tinstall | Tcheck | Ttotal | Status | Flags |
---|---|---|---|---|---|---|
r-devel-linux-x86_64-debian-clang | 2.4-23 | 31.83 | 49.22 | 81.05 | OK | --no-vignettes |
r-devel-linux-x86_64-debian-gcc | 2.4-23 | 21.58 | 36.02 | 57.60 | OK | --no-vignettes |
r-devel-linux-x86_64-fedora-clang | 2.4-23 | 161.42 | OK | --no-vignettes | ||
r-devel-linux-x86_64-fedora-gcc | 2.4-23 | 122.15 | OK | --no-vignettes | ||
r-devel-windows-x86_64 | 2.4-23 | 49.00 | 83.00 | 132.00 | OK | --no-vignettes |
r-patched-linux-x86_64 | 2.4-23 | 31.19 | 47.58 | 78.77 | OK | --no-vignettes |
r-release-linux-x86_64 | 2.4-23 | 29.68 | 47.18 | 76.86 | OK | --no-vignettes |
r-release-macos-arm64 | 2.4-23 | 46.00 | OK | --no-vignettes | ||
r-release-macos-x86_64 | 2.4-23 | 60.00 | OK | --no-vignettes | ||
r-release-windows-x86_64 | 2.4-23 | 53.00 | 86.00 | 139.00 | OK | --no-vignettes |
r-oldrel-macos-arm64 | 2.4-23 | 38.00 | NOTE | --no-vignettes | ||
r-oldrel-macos-x86_64 | 2.4-23 | 74.00 | NOTE | --no-vignettes | ||
r-oldrel-windows-x86_64 | 2.4-23 | 58.00 | 94.00 | 152.00 | OK | --no-vignettes |
Version: 2.4-23
Flags: --no-vignettes
Check: installed package size
Result: NOTE
installed size is 5.3Mb
sub-directories of 1Mb or more:
doc 2.6Mb
libs 2.1Mb
Flavors: r-oldrel-macos-arm64, r-oldrel-macos-x86_64