Last updated on 2022-05-22 01:51:40 CEST.
Flavor | Version | Tinstall | Tcheck | Ttotal | Status | Flags |
---|---|---|---|---|---|---|
r-devel-linux-x86_64-debian-clang | 0.15 | 11.24 | 108.78 | 120.02 | NOTE | |
r-devel-linux-x86_64-debian-gcc | 0.15 | 8.07 | 80.68 | 88.75 | NOTE | |
r-devel-linux-x86_64-fedora-clang | 0.15 | 138.85 | NOTE | |||
r-devel-linux-x86_64-fedora-gcc | 0.15 | 135.31 | NOTE | |||
r-devel-windows-x86_64 | 0.15 | 24.00 | 122.00 | 146.00 | NOTE | |
r-patched-linux-x86_64 | 0.15 | 10.89 | 101.88 | 112.77 | NOTE | |
r-release-linux-x86_64 | 0.15 | 10.74 | 101.85 | 112.59 | NOTE | |
r-release-macos-arm64 | 0.15 | 39.00 | NOTE | |||
r-release-macos-x86_64 | 0.15 | 63.00 | NOTE | |||
r-release-windows-x86_64 | 0.15 | 22.00 | 124.00 | 146.00 | NOTE | |
r-oldrel-macos-arm64 | 0.15 | 41.00 | NOTE | |||
r-oldrel-macos-x86_64 | 0.15 | 68.00 | NOTE | |||
r-oldrel-windows-ix86+x86_64 | 0.15 | 30.00 | 120.00 | 150.00 | NOTE |
Version: 0.15
Check: LazyData
Result: NOTE
'LazyData' is specified without a 'data' directory
Flavors: r-devel-linux-x86_64-debian-clang, r-devel-linux-x86_64-debian-gcc, r-devel-linux-x86_64-fedora-clang, r-devel-linux-x86_64-fedora-gcc, r-devel-windows-x86_64, r-patched-linux-x86_64, r-release-linux-x86_64, r-release-macos-arm64, r-release-macos-x86_64, r-release-windows-x86_64, r-oldrel-macos-arm64, r-oldrel-macos-x86_64, r-oldrel-windows-ix86+x86_64
Version: 0.15
Check: dependencies in R code
Result: NOTE
Namespaces in Imports field not imported from:
‘crayon’ ‘purrr’ ‘readr’
All declared Imports should be used.
Flavors: r-devel-linux-x86_64-fedora-clang, r-devel-linux-x86_64-fedora-gcc, r-release-macos-arm64, r-release-macos-x86_64, r-oldrel-macos-arm64, r-oldrel-macos-x86_64