Last updated on 2024-04-23 01:57:18 CEST.
Flavor | Version | Tinstall | Tcheck | Ttotal | Status | Flags |
---|---|---|---|---|---|---|
r-devel-linux-x86_64-debian-clang | 0.2.1 | 39.98 | 179.50 | 219.48 | OK | |
r-devel-linux-x86_64-debian-gcc | 0.2.1 | 26.83 | 132.32 | 159.15 | OK | |
r-devel-linux-x86_64-fedora-clang | 0.2.1 | 290.34 | NOTE | |||
r-devel-linux-x86_64-fedora-gcc | 0.2.1 | 290.58 | OK | |||
r-prerel-macos-arm64 | 0.2.1 | 73.00 | OK | |||
r-prerel-windows-x86_64 | 0.2.1 | 31.00 | 136.00 | 167.00 | OK | |
r-patched-linux-x86_64 | 0.2.1 | 33.20 | 170.90 | 204.10 | OK | |
r-release-linux-x86_64 | 0.2.1 | 34.71 | 175.54 | 210.25 | OK | |
r-release-macos-arm64 | 0.2.1 | 85.00 | OK | |||
r-release-macos-x86_64 | 0.2.1 | 159.00 | OK | |||
r-release-windows-x86_64 | 0.2.1 | 44.00 | 177.00 | 221.00 | OK | |
r-oldrel-macos-arm64 | 0.2.1 | 57.00 | OK | |||
r-oldrel-windows-x86_64 | 0.2.1 | 44.00 | 183.00 | 227.00 | OK |
Version: 0.2.1
Check: package dependencies
Result: NOTE
Imports includes 25 non-default packages.
Importing from so many packages makes the package vulnerable to any of
them becoming unavailable. Move as many as possible to Suggests and
use conditionally.
Flavor: r-devel-linux-x86_64-fedora-clang