Last updated on 2023-06-07 02:01:15 CEST.
Flavor | Version | Tinstall | Tcheck | Ttotal | Status | Flags |
---|---|---|---|---|---|---|
r-devel-linux-x86_64-debian-clang | 0.2.1 | 34.32 | 182.72 | 217.04 | OK | |
r-devel-linux-x86_64-debian-gcc | 0.2.1 | 30.94 | 137.26 | 168.20 | OK | |
r-devel-linux-x86_64-fedora-clang | 0.2.1 | 287.39 | NOTE | |||
r-devel-linux-x86_64-fedora-gcc | 0.2.1 | 285.10 | OK | |||
r-devel-windows-x86_64 | 0.2.1 | 32.00 | 141.00 | 173.00 | OK | |
r-patched-linux-x86_64 | 0.2.1 | 32.82 | 170.46 | 203.28 | OK | |
r-release-linux-x86_64 | 0.2.1 | 24.12 | 172.00 | 196.12 | OK | |
r-release-macos-arm64 | 0.2.1 | 85.00 | OK | |||
r-release-macos-x86_64 | 0.2.1 | 159.00 | OK | |||
r-release-windows-x86_64 | 0.2.1 | 43.00 | 175.00 | 218.00 | OK | |
r-oldrel-macos-arm64 | 0.2.1 | 57.00 | OK | |||
r-oldrel-macos-x86_64 | 0.2.1 | 109.00 | OK | |||
r-oldrel-windows-x86_64 | 0.2.1 | 47.00 | 184.00 | 231.00 | OK |
Version: 0.2.1
Check: package dependencies
Result: NOTE
Imports includes 25 non-default packages.
Importing from so many packages makes the package vulnerable to any of
them becoming unavailable. Move as many as possible to Suggests and
use conditionally.
Flavor: r-devel-linux-x86_64-fedora-clang