Last updated on 2024-04-23 01:57:18 CEST.
Flavor | Version | Tinstall | Tcheck | Ttotal | Status | Flags |
---|---|---|---|---|---|---|
r-devel-linux-x86_64-debian-clang | 1.1.0 | 11.09 | 154.87 | 165.96 | NOTE | |
r-devel-linux-x86_64-debian-gcc | 1.1.0 | 9.06 | 107.45 | 116.51 | NOTE | |
r-devel-linux-x86_64-fedora-clang | 1.1.0 | 218.83 | NOTE | |||
r-devel-linux-x86_64-fedora-gcc | 1.1.0 | 214.18 | NOTE | |||
r-prerel-macos-arm64 | 1.1.0 | 64.00 | NOTE | |||
r-prerel-windows-x86_64 | 1.1.0 | 11.00 | 141.00 | 152.00 | NOTE | |
r-patched-linux-x86_64 | 1.1.0 | 10.15 | 142.55 | 152.70 | NOTE | |
r-release-linux-x86_64 | 1.1.0 | 10.52 | 140.53 | 151.05 | NOTE | |
r-release-macos-arm64 | 1.1.0 | 67.00 | NOTE | |||
r-release-macos-x86_64 | 1.1.0 | 106.00 | NOTE | |||
r-release-windows-x86_64 | 1.1.0 | 15.00 | 163.00 | 178.00 | NOTE | |
r-oldrel-macos-arm64 | 1.1.0 | 54.00 | NOTE | |||
r-oldrel-windows-x86_64 | 1.1.0 | 14.00 | 162.00 | 176.00 | OK |
Version: 1.1.0
Check: package subdirectories
Result: NOTE
Problems with news in ‘NEWS.md’:
Cannot extract version info from the following section titles:
Minor changes:
Flavors: r-devel-linux-x86_64-debian-clang, r-devel-linux-x86_64-debian-gcc, r-devel-linux-x86_64-fedora-clang, r-devel-linux-x86_64-fedora-gcc, r-prerel-macos-arm64, r-prerel-windows-x86_64, r-patched-linux-x86_64, r-release-linux-x86_64, r-release-macos-arm64, r-release-macos-x86_64, r-release-windows-x86_64
Version: 1.1.0
Check: Rd files
Result: NOTE
checkRd: (-1) single_imputation.Rd:21-22: Lost braces in \itemize; meant \describe ?
checkRd: (-1) single_imputation.Rd:23-27: Lost braces in \itemize; meant \describe ?
Flavors: r-devel-linux-x86_64-debian-clang, r-devel-linux-x86_64-debian-gcc, r-devel-linux-x86_64-fedora-clang, r-devel-linux-x86_64-fedora-gcc, r-prerel-macos-arm64, r-prerel-windows-x86_64, r-patched-linux-x86_64
Version: 1.1.0
Check: dependencies in R code
Result: NOTE
Namespace in Imports field not imported from: ‘mix’
All declared Imports should be used.
Flavors: r-devel-linux-x86_64-fedora-clang, r-devel-linux-x86_64-fedora-gcc, r-oldrel-macos-arm64
Version: 1.1.0
Check: package dependencies
Result: NOTE
Package suggested but not available for checking: ‘lme4’
Flavor: r-release-macos-x86_64