Last updated on 2025-05-02 02:51:09 CEST.
Flavor | Version | Tinstall | Tcheck | Ttotal | Status | Flags |
---|---|---|---|---|---|---|
r-devel-linux-x86_64-debian-clang | 0.1.1 | 3.46 | 45.23 | 48.69 | NOTE | |
r-devel-linux-x86_64-debian-gcc | 0.1.1 | 2.61 | 32.51 | 35.12 | NOTE | |
r-devel-linux-x86_64-fedora-clang | 0.1.1 | 81.15 | NOTE | |||
r-devel-linux-x86_64-fedora-gcc | 0.1.1 | 69.48 | NOTE | |||
r-devel-windows-x86_64 | 0.1.1 | 5.00 | 59.00 | 64.00 | NOTE | |
r-patched-linux-x86_64 | 0.1.1 | 3.81 | 41.45 | 45.26 | NOTE | |
r-release-linux-x86_64 | NOTE | |||||
r-release-macos-arm64 | 0.1.1 | 23.00 | NOTE | |||
r-release-macos-x86_64 | 0.1.1 | 47.00 | NOTE | |||
r-release-windows-x86_64 | 0.1.1 | 5.00 | 66.00 | 71.00 | NOTE | |
r-oldrel-macos-arm64 | 0.1.1 | 26.00 | NOTE | |||
r-oldrel-macos-x86_64 | 0.1.1 | 36.00 | NOTE | |||
r-oldrel-windows-x86_64 | 0.1.1 | 6.00 | 70.00 | 76.00 | NOTE |
Version: 0.1.1
Check: package subdirectories
Result: NOTE
Problems with news in ‘NEWS.md’:
No news entries found.
Flavors: r-devel-linux-x86_64-debian-clang, r-devel-linux-x86_64-debian-gcc, r-devel-linux-x86_64-fedora-clang, r-devel-linux-x86_64-fedora-gcc, r-devel-windows-x86_64, r-patched-linux-x86_64, r-release-linux-x86_64, r-release-macos-arm64, r-release-macos-x86_64, r-release-windows-x86_64, r-oldrel-macos-arm64, r-oldrel-macos-x86_64, r-oldrel-windows-x86_64
Version: 0.1.1
Check: examples
Result: NOTE
Examples with CPU (user + system) or elapsed time > 5s
user system elapsed
tidyboot.data.frame 6.584 0.138 8.621
tidyboot_mean 5.880 0.071 7.151
Flavor: r-devel-linux-x86_64-debian-clang
Version: 0.1.1
Check: LazyData
Result: NOTE
'LazyData' is specified without a 'data' directory
Flavors: r-oldrel-macos-arm64, r-oldrel-macos-x86_64, r-oldrel-windows-x86_64