CRAN Package Check Results for Package tidyfit

Last updated on 2025-04-17 01:51:34 CEST.

Flavor Version Tinstall Tcheck Ttotal Status Flags
r-devel-linux-x86_64-debian-clang 0.7.3 11.87 207.80 219.67 NOTE
r-devel-linux-x86_64-debian-gcc 0.7.3 7.62 143.00 150.62 NOTE
r-devel-linux-x86_64-fedora-clang 0.7.3 369.88 NOTE
r-devel-linux-x86_64-fedora-gcc 0.7.3 493.43 NOTE
r-devel-windows-x86_64 0.7.3 12.00 221.00 233.00 NOTE
r-patched-linux-x86_64 0.7.3 10.76 196.59 207.35 NOTE
r-release-linux-x86_64 0.7.3 11.83 197.38 209.21 NOTE
r-release-macos-arm64 0.7.3 208.00 NOTE
r-release-macos-x86_64 0.7.3 427.00 NOTE
r-release-windows-x86_64 0.7.3 15.00 223.00 238.00 NOTE
r-oldrel-macos-arm64 0.7.3 198.00 OK
r-oldrel-macos-x86_64 0.7.3 435.00 OK
r-oldrel-windows-x86_64 0.7.3 17.00 282.00 299.00 OK

Check Details

Version: 0.7.3
Check: DESCRIPTION meta-information
Result: NOTE Missing dependency on R >= 4.1.0 because package code uses the pipe |> or function shorthand \(...) syntax added in R 4.1.0. File(s) using such syntax: ‘explain_methods.R’ ‘fit.gets.R’ ‘fit.group_lasso.R’ ‘m.R’ ‘post_process.R’ Flavors: r-devel-linux-x86_64-debian-clang, r-devel-linux-x86_64-debian-gcc, r-devel-linux-x86_64-fedora-clang, r-devel-linux-x86_64-fedora-gcc, r-devel-windows-x86_64, r-patched-linux-x86_64, r-release-linux-x86_64, r-release-macos-arm64, r-release-macos-x86_64, r-release-windows-x86_64