Last updated on 2022-05-24 01:50:06 CEST.
Flavor | Version | Tinstall | Tcheck | Ttotal | Status | Flags |
---|---|---|---|---|---|---|
r-devel-linux-x86_64-debian-clang | 0.0.2 | 0.64 | 11.66 | 12.30 | ERROR | |
r-devel-linux-x86_64-debian-gcc | 0.0.2 | 43.62 | 98.28 | 141.90 | OK | |
r-devel-linux-x86_64-fedora-clang | 0.0.2 | 254.01 | NOTE | |||
r-devel-linux-x86_64-fedora-gcc | 0.0.2 | 231.23 | OK | |||
r-devel-windows-x86_64 | 0.0.2 | 62.00 | 168.00 | 230.00 | OK | |
r-patched-linux-x86_64 | 0.0.2 | 40.54 | 125.29 | 165.83 | OK | |
r-release-linux-x86_64 | 0.0.2 | OK | ||||
r-release-macos-arm64 | 0.0.2 | 58.00 | OK | |||
r-release-macos-x86_64 | 0.0.2 | 100.00 | OK | |||
r-release-windows-x86_64 | 0.0.2 | 61.00 | 166.00 | 227.00 | OK | |
r-oldrel-macos-arm64 | 0.0.2 | 55.00 | OK | |||
r-oldrel-macos-x86_64 | 0.0.2 | 79.00 | OK | |||
r-oldrel-windows-ix86+x86_64 | 0.0.2 | 119.00 | 210.00 | 329.00 | OK |
Version: 0.0.2
Check: package dependencies
Result: ERROR
Package required but not available: 'mvrsquared'
See section 'The DESCRIPTION file' in the 'Writing R Extensions'
manual.
Flavor: r-devel-linux-x86_64-debian-clang
Version: 0.0.2
Check: Rd cross-references
Result: NOTE
Undeclared package ‘slam’ in Rd xrefs
Flavor: r-devel-linux-x86_64-fedora-clang