Last updated on 2024-03-28 01:54:13 CET.
Flavor | Version | Tinstall | Tcheck | Ttotal | Status | Flags |
---|---|---|---|---|---|---|
r-devel-linux-x86_64-debian-clang | 1.1.1 | 13.21 | 159.28 | 172.49 | OK | |
r-devel-linux-x86_64-debian-gcc | 1.2.0 | 13.41 | 119.48 | 132.89 | OK | |
r-devel-linux-x86_64-fedora-clang | 1.2.0 | 233.43 | NOTE | |||
r-devel-linux-x86_64-fedora-gcc | 1.2.0 | 236.23 | OK | |||
r-devel-windows-x86_64 | 1.2.0 | 14.00 | 121.00 | 135.00 | OK | |
r-patched-linux-x86_64 | 1.1.1 | 11.19 | 155.66 | 166.85 | OK | |
r-release-linux-x86_64 | 1.1.1 | 11.22 | 151.53 | 162.75 | OK | |
r-release-macos-arm64 | 1.2.0 | 67.00 | OK | |||
r-release-macos-x86_64 | 1.2.0 | 145.00 | OK | |||
r-release-windows-x86_64 | 1.2.0 | 15.00 | 162.00 | 177.00 | OK | |
r-oldrel-macos-arm64 | 1.2.0 | 60.00 | OK | |||
r-oldrel-windows-x86_64 | 1.2.0 | 16.00 | 139.00 | 155.00 | OK |
Version: 1.2.0
Check: package dependencies
Result: NOTE
Imports includes 21 non-default packages.
Importing from so many packages makes the package vulnerable to any of
them becoming unavailable. Move as many as possible to Suggests and
use conditionally.
Flavor: r-devel-linux-x86_64-fedora-clang