CRAN Package Check Results for Package tidynorm

Last updated on 2025-10-08 01:49:21 CEST.

Flavor Version Tinstall Tcheck Ttotal Status Flags
r-devel-linux-x86_64-debian-clang 0.3.0 25.32 171.82 197.14 WARN
r-devel-linux-x86_64-debian-gcc 0.3.1 15.58 124.02 139.60 OK
r-devel-linux-x86_64-fedora-clang 0.3.0 318.83 WARN
r-devel-linux-x86_64-fedora-gcc 0.3.1 339.08 OK
r-devel-windows-x86_64 0.3.1 32.00 197.00 229.00 OK
r-patched-linux-x86_64 0.3.0 26.18 163.48 189.66 WARN
r-release-linux-x86_64 0.3.0 23.91 163.00 186.91 WARN
r-release-macos-arm64 0.3.1 79.00 OK
r-release-macos-x86_64 0.3.1 171.00 OK
r-release-windows-x86_64 0.3.0 33.00 206.00 239.00 WARN
r-oldrel-macos-arm64 0.3.1 81.00 OK
r-oldrel-macos-x86_64 0.3.1 160.00 OK
r-oldrel-windows-x86_64 0.3.0 41.00 256.00 297.00 WARN

Check Details

Version: 0.3.0
Check: whether package can be installed
Result: WARN Found the following significant warnings: dct.cpp:54:14: warning: 'is_finite<arma::subview<double>>' is deprecated: change arma::is_finite(X) to X.is_finite() [-Wdeprecated-declarations] See ‘/home/hornik/tmp/R.check/r-devel-clang/Work/PKGS/tidynorm.Rcheck/00install.out’ for details. * used C++ compiler: ‘Debian clang version 19.1.7 (7)’ Flavor: r-devel-linux-x86_64-debian-clang

Version: 0.3.0
Check: whether package can be installed
Result: WARN Found the following significant warnings: dct.cpp:54:14: warning: 'is_finite<arma::subview<double>>' is deprecated: change arma::is_finite(X) to X.is_finite() [-Wdeprecated-declarations] See ‘/data/gannet/ripley/R/packages/tests-clang/tidynorm.Rcheck/00install.out’ for details. * used C++ compiler: ‘clang version 21.1.1’ Flavor: r-devel-linux-x86_64-fedora-clang

Version: 0.3.0
Check: whether package can be installed
Result: WARN Found the following significant warnings: dct.cpp:54:23: warning: ‘bool arma::is_finite(const Base<typename T1::elem_type, T1>&) [with T1 = subview<double>; typename T1::elem_type = double]’ is deprecated: change arma::is_finite(X) to X.is_finite() [-Wdeprecated-declarations] See ‘/home/hornik/tmp/R.check/r-patched-gcc/Work/PKGS/tidynorm.Rcheck/00install.out’ for details. * used C++ compiler: ‘g++-14 (Debian 14.3.0-8) 14.3.0’ Flavor: r-patched-linux-x86_64

Version: 0.3.0
Check: whether package can be installed
Result: WARN Found the following significant warnings: dct.cpp:54:23: warning: ‘bool arma::is_finite(const Base<typename T1::elem_type, T1>&) [with T1 = subview<double>; typename T1::elem_type = double]’ is deprecated: change arma::is_finite(X) to X.is_finite() [-Wdeprecated-declarations] See ‘/home/hornik/tmp/R.check/r-release-gcc/Work/PKGS/tidynorm.Rcheck/00install.out’ for details. * used C++ compiler: ‘g++-14 (Debian 14.3.0-8) 14.3.0’ Flavor: r-release-linux-x86_64

Version: 0.3.0
Check: whether package can be installed
Result: WARN Found the following significant warnings: dct.cpp:54:23: warning: 'bool arma::is_finite(const Base<typename T1::elem_type, T1>&) [with T1 = subview<double>; typename T1::elem_type = double]' is deprecated: change arma::is_finite(X) to X.is_finite() [-Wdeprecated-declarations] See 'd:/Rcompile/CRANpkg/local/4.5/tidynorm.Rcheck/00install.out' for details. * used C++ compiler: 'g++.exe (GCC) 14.2.0' Flavor: r-release-windows-x86_64

Version: 0.3.0
Check: whether package can be installed
Result: WARN Found the following significant warnings: dct.cpp:54:23: warning: 'bool arma::is_finite(const Base<typename T1::elem_type, T1>&) [with T1 = subview<double>; typename T1::elem_type = double]' is deprecated: change arma::is_finite(X) to X.is_finite() [-Wdeprecated-declarations] See 'd:/Rcompile/CRANpkg/local/4.4/tidynorm.Rcheck/00install.out' for details. * used C++ compiler: 'g++.exe (GCC) 13.3.0' Flavor: r-oldrel-windows-x86_64