Last updated on 2024-04-19 01:59:04 CEST.
Flavor | Version | Tinstall | Tcheck | Ttotal | Status | Flags |
---|---|---|---|---|---|---|
r-devel-linux-x86_64-debian-clang | 1.7 | 6.81 | 65.30 | 72.11 | NOTE | |
r-devel-linux-x86_64-debian-gcc | 1.7 | 4.49 | 48.25 | 52.74 | NOTE | |
r-devel-linux-x86_64-fedora-clang | 1.7 | 91.49 | NOTE | |||
r-devel-linux-x86_64-fedora-gcc | 1.7 | 104.75 | NOTE | |||
r-prerel-macos-arm64 | 1.7 | 40.00 | NOTE | |||
r-prerel-windows-x86_64 | 1.7 | 7.00 | 69.00 | 76.00 | NOTE | |
r-patched-linux-x86_64 | 1.7 | 6.04 | 62.37 | 68.41 | NOTE | |
r-release-linux-x86_64 | 1.7 | 3.56 | 59.44 | 63.00 | OK | |
r-release-macos-arm64 | 1.7 | 37.00 | OK | |||
r-release-macos-x86_64 | 1.7 | 59.00 | OK | |||
r-release-windows-x86_64 | 1.7 | 8.00 | 83.00 | 91.00 | OK | |
r-oldrel-macos-arm64 | 1.7 | 31.00 | OK | |||
r-oldrel-windows-x86_64 | 1.7 | 9.00 | 80.00 | 89.00 | OK |
Version: 1.7
Check: Rd files
Result: NOTE
checkRd: (-1) separate_genes.Rd:14: Lost braces
14 | microbial genes like AbcD, default [A-Za-z][a-z]{2}[A-Z0-9]+}
| ^
Flavors: r-devel-linux-x86_64-debian-clang, r-devel-linux-x86_64-debian-gcc, r-devel-linux-x86_64-fedora-clang, r-devel-linux-x86_64-fedora-gcc, r-prerel-macos-arm64, r-prerel-windows-x86_64, r-patched-linux-x86_64