Last updated on 2025-11-12 02:53:14 CET.
| Flavor | Version | Tinstall | Tcheck | Ttotal | Status | Flags |
|---|---|---|---|---|---|---|
| r-devel-linux-x86_64-debian-clang | 0.1.0 | 16.15 | 233.76 | 249.91 | OK | |
| r-devel-linux-x86_64-debian-gcc | 0.1.0 | 13.26 | 167.54 | 180.80 | OK | |
| r-devel-linux-x86_64-fedora-clang | 0.1.0 | 38.00 | 312.97 | 350.97 | OK | |
| r-devel-linux-x86_64-fedora-gcc | 0.1.0 | 39.00 | 314.22 | 353.22 | OK | |
| r-devel-windows-x86_64 | 0.1.0 | 21.00 | 164.00 | 185.00 | OK | |
| r-patched-linux-x86_64 | 0.1.0 | 16.87 | 221.64 | 238.51 | OK | |
| r-release-linux-x86_64 | 0.1.0 | 17.50 | 222.26 | 239.76 | OK | |
| r-release-macos-arm64 | 0.1.0 | 8.00 | 83.00 | 91.00 | OK | |
| r-release-macos-x86_64 | 0.1.0 | 18.00 | 141.00 | 159.00 | OK | |
| r-release-windows-x86_64 | 0.1.0 | 21.00 | 161.00 | 182.00 | OK | |
| r-oldrel-macos-arm64 | 0.1.0 | 8.00 | 78.00 | 86.00 | NOTE | |
| r-oldrel-macos-x86_64 | 0.1.0 | 22.00 | 177.00 | 199.00 | NOTE | |
| r-oldrel-windows-x86_64 | 0.1.0 | 26.00 | 213.00 | 239.00 | NOTE |
Version: 0.1.0
Check: installed package size
Result: NOTE
installed size is 6.2Mb
sub-directories of 1Mb or more:
doc 5.4Mb
Flavors: r-oldrel-macos-arm64, r-oldrel-macos-x86_64, r-oldrel-windows-x86_64