Last updated on 2024-03-28 01:54:13 CET.
Flavor | Version | Tinstall | Tcheck | Ttotal | Status | Flags |
---|---|---|---|---|---|---|
r-devel-linux-x86_64-debian-clang | 1.6.1 | 12.56 | 166.91 | 179.47 | OK | |
r-devel-linux-x86_64-debian-gcc | 1.6.1 | 8.80 | 131.12 | 139.92 | OK | |
r-devel-linux-x86_64-fedora-clang | 1.6.1 | 240.48 | NOTE | |||
r-devel-linux-x86_64-fedora-gcc | 1.6.1 | 256.84 | OK | |||
r-devel-windows-x86_64 | 1.6.1 | 12.00 | 149.00 | 161.00 | NOTE | |
r-patched-linux-x86_64 | 1.6.1 | 12.22 | 169.63 | 181.85 | OK | |
r-release-linux-x86_64 | 1.6.1 | 10.99 | 166.89 | 177.88 | OK | |
r-release-macos-arm64 | 1.6.1 | 91.00 | NOTE | |||
r-release-macos-x86_64 | 1.6.1 | 156.00 | NOTE | |||
r-release-windows-x86_64 | 1.6.1 | 16.00 | 182.00 | 198.00 | NOTE | |
r-oldrel-macos-arm64 | 1.6.1 | 99.00 | NOTE | |||
r-oldrel-windows-x86_64 | 1.6.1 | 16.00 | 186.00 | 202.00 | NOTE |
Version: 1.6.1
Check: installed package size
Result: NOTE
installed size is 6.9Mb
sub-directories of 1Mb or more:
doc 2.0Mb
extdata 4.5Mb
Flavors: r-devel-linux-x86_64-fedora-clang, r-devel-windows-x86_64, r-release-macos-arm64, r-release-macos-x86_64, r-release-windows-x86_64, r-oldrel-macos-arm64, r-oldrel-windows-x86_64