Last updated on 2024-03-29 01:51:21 CET.
Flavor | Version | Tinstall | Tcheck | Ttotal | Status | Flags |
---|---|---|---|---|---|---|
r-devel-linux-x86_64-debian-clang | 0.2.0 | 3.44 | 139.49 | 142.93 | OK | |
r-devel-linux-x86_64-debian-gcc | 0.2.0 | 2.63 | 96.30 | 98.93 | OK | |
r-devel-linux-x86_64-fedora-clang | 0.2.0 | 168.65 | NOTE | |||
r-devel-linux-x86_64-fedora-gcc | 0.2.0 | 178.05 | NOTE | |||
r-devel-windows-x86_64 | 0.2.0 | 5.00 | 112.00 | 117.00 | OK | |
r-patched-linux-x86_64 | 0.2.0 | 3.67 | 133.97 | 137.64 | OK | |
r-release-linux-x86_64 | 0.2.0 | 3.03 | 130.52 | 133.55 | OK | |
r-release-macos-arm64 | 0.2.0 | 56.00 | OK | |||
r-release-macos-x86_64 | 0.2.0 | 88.00 | OK | |||
r-release-windows-x86_64 | 0.2.0 | 5.00 | 145.00 | 150.00 | OK | |
r-oldrel-macos-arm64 | 0.2.0 | 61.00 | NOTE | |||
r-oldrel-windows-x86_64 | 0.2.0 | 5.00 | 146.00 | 151.00 | OK |
Version: 0.2.0
Check: dependencies in R code
Result: NOTE
Namespace in Imports field not imported from: ‘lwgeom’
All declared Imports should be used.
Flavors: r-devel-linux-x86_64-fedora-clang, r-devel-linux-x86_64-fedora-gcc, r-oldrel-macos-arm64