Last updated on 2022-07-06 01:50:36 CEST.
Flavor | Version | Tinstall | Tcheck | Ttotal | Status | Flags |
---|---|---|---|---|---|---|
r-devel-linux-x86_64-debian-clang | 0.2.0 | 2.54 | 183.08 | 185.62 | OK | |
r-devel-linux-x86_64-debian-gcc | 0.2.0 | 2.64 | 137.28 | 139.92 | OK | |
r-devel-linux-x86_64-fedora-clang | 0.2.0 | 228.67 | NOTE | |||
r-devel-linux-x86_64-fedora-gcc | 0.2.0 | 228.89 | NOTE | |||
r-devel-windows-x86_64 | 0.2.0 | 21.00 | 224.00 | 245.00 | OK | |
r-patched-linux-x86_64 | 0.2.0 | 2.38 | 183.33 | 185.71 | OK | |
r-release-linux-x86_64 | 0.2.0 | 3.01 | 180.27 | 183.28 | OK | |
r-release-macos-arm64 | 0.2.0 | 61.00 | NOTE | |||
r-release-macos-x86_64 | 0.2.0 | 109.00 | NOTE | |||
r-release-windows-x86_64 | 0.2.0 | 15.00 | 237.00 | 252.00 | OK | |
r-oldrel-macos-arm64 | 0.2.0 | 75.00 | NOTE | |||
r-oldrel-macos-x86_64 | 0.2.0 | 72.00 | NOTE | |||
r-oldrel-windows-ix86+x86_64 | 0.2.0 | 8.00 | 233.00 | 241.00 | OK |
Version: 0.2.0
Check: dependencies in R code
Result: NOTE
Namespace in Imports field not imported from: ‘lwgeom’
All declared Imports should be used.
Flavors: r-devel-linux-x86_64-fedora-clang, r-devel-linux-x86_64-fedora-gcc, r-release-macos-arm64, r-release-macos-x86_64, r-oldrel-macos-arm64, r-oldrel-macos-x86_64