CRAN Package Check Results for Package timetk

Last updated on 2023-09-22 01:51:06 CEST.

Flavor Version Tinstall Tcheck Ttotal Status Flags
r-devel-linux-x86_64-debian-clang 2.8.3 24.21 271.16 295.37 ERROR
r-devel-linux-x86_64-debian-gcc 2.8.3 21.05 215.75 236.80 ERROR
r-devel-linux-x86_64-fedora-clang 2.8.3 504.06 NOTE
r-devel-linux-x86_64-fedora-gcc 2.8.3 514.01 NOTE
r-devel-windows-x86_64 2.8.3 22.00 297.00 319.00 OK
r-patched-linux-x86_64 2.8.3 27.37 221.09 248.46 ERROR
r-release-linux-x86_64 2.8.3 16.73 220.18 236.91 ERROR
r-release-macos-arm64 2.8.3 137.00 OK
r-release-macos-x86_64 2.8.3 239.00 OK
r-release-windows-x86_64 2.8.3 31.00 377.00 408.00 OK
r-oldrel-macos-arm64 2.8.3 135.00 OK
r-oldrel-macos-x86_64 2.8.3 164.00 OK
r-oldrel-windows-x86_64 2.8.3 31.00 347.00 378.00 OK

Additional issues

noSuggests

Check Details

Version: 2.8.3
Check: examples
Result: ERROR
    Running examples in ‘timetk-Ex.R’ failed
    The error most likely occurred in:
    
    > base::assign(".ptime", proc.time(), pos = "CheckExEnv")
    > ### Name: parse_date2
    > ### Title: Fast, flexible date and datetime parsing
    > ### Aliases: parse_date2 parse_datetime2
    >
    > ### ** Examples
    >
    >
    > # Fast date parsing
    > parse_date2("2011")
    [1] "2011-01-01"
    > parse_date2("2011 June 3rd")
    [1] "2011-06-03"
    >
    > # Fast datetime parsing
    > parse_datetime2("2011")
    [1] "2011-01-01 UTC"
    > parse_datetime2("2011 Jan 1 12:35:21")
    [1] "2011-01-01 12:35:21 UTC"
    >
    > # Time Zones (datetime only)
    > parse_datetime2("2011 Jan 1 12:35:21", tz = "GB")
    Error in C_force_tz(to_posixct(time), tz, roll_dst) :
     CCTZ: Unrecognized output timezone: "GB"
    Calls: parse_datetime2 ... <Anonymous> -> .force_tz -> from_posixct -> C_force_tz
    Execution halted
Flavors: r-devel-linux-x86_64-debian-clang, r-devel-linux-x86_64-debian-gcc, r-patched-linux-x86_64, r-release-linux-x86_64

Version: 2.8.3
Check: package dependencies
Result: NOTE
    Imports includes 26 non-default packages.
    Importing from so many packages makes the package vulnerable to any of
    them becoming unavailable. Move as many as possible to Suggests and
    use conditionally.
Flavor: r-devel-linux-x86_64-fedora-clang

Version: 2.8.3
Check: data for non-ASCII characters
Result: NOTE
     Note: found 2750 marked UTF-8 strings
Flavors: r-devel-linux-x86_64-fedora-clang, r-devel-linux-x86_64-fedora-gcc