Last updated on 2025-05-05 01:51:06 CEST.
Flavor | Version | Tinstall | Tcheck | Ttotal | Status | Flags |
---|---|---|---|---|---|---|
r-devel-linux-x86_64-debian-clang | 1.0.1 | 211.45 | 491.14 | 702.59 | OK | |
r-devel-linux-x86_64-debian-gcc | 1.1.0 | 194.58 | 437.22 | 631.80 | WARN | |
r-devel-linux-x86_64-fedora-clang | 1.1.0 | 686.99 | OK | |||
r-devel-linux-x86_64-fedora-gcc | 1.1.0 | 963.68 | WARN | |||
r-devel-windows-x86_64 | 1.1.0 | 223.00 | 677.00 | 900.00 | WARN | |
r-patched-linux-x86_64 | 1.0.1 | 235.82 | 525.77 | 761.59 | OK | |
r-release-linux-x86_64 | 1.1.0 | 242.72 | 570.72 | 813.44 | OK | |
r-release-macos-arm64 | 1.1.0 | 220.00 | OK | |||
r-release-macos-x86_64 | 1.1.0 | 390.00 | OK | |||
r-release-windows-x86_64 | 1.0.1 | 223.00 | 561.00 | 784.00 | OK | |
r-oldrel-macos-arm64 | 1.1.0 | 269.00 | NOTE | |||
r-oldrel-macos-x86_64 | 1.1.0 | 433.00 | NOTE | |||
r-oldrel-windows-x86_64 | 1.1.0 | 173.00 | 495.00 | 668.00 | NOTE |
Version: 1.1.0
Check: whether package can be installed
Result: WARN
Found the following significant warnings:
/usr/lib/gcc/x86_64-linux-gnu/14/include/emmintrin.h:700:11: warning: array subscript ‘const __m128i[0]’ is partly outside array bounds of ‘unsigned char [12]’ [-Warray-bounds=]
/usr/lib/gcc/x86_64-linux-gnu/14/include/emmintrin.h:700:11: warning: array subscript 1 is outside array bounds of ‘void [12]’ [-Warray-bounds=]
/usr/lib/gcc/x86_64-linux-gnu/14/include/emmintrin.h:700:11: warning: array subscript [1, 576460752303423487] is outside array bounds of ‘void [12]’ [-Warray-bounds=]
See ‘/home/hornik/tmp/R.check/r-devel-gcc/Work/PKGS/tinyVAST.Rcheck/00install.out’ for details.
* used C++ compiler: ‘g++-14 (Debian 14.2.0-19) 14.2.0’
Flavor: r-devel-linux-x86_64-debian-gcc
Version: 1.1.0
Check: whether package can be installed
Result: WARN
Found the following significant warnings:
/usr/local/gcc15/lib/gcc/x86_64-pc-linux-gnu/15.1.0/include/emmintrin.h:701:11: warning: array subscript 'const __m128i[0]' is partly outside array bounds of 'unsigned char [12]' [-Warray-bounds=]
/usr/local/gcc15/lib/gcc/x86_64-pc-linux-gnu/15.1.0/include/emmintrin.h:701:11: warning: array subscript 1 is outside array bounds of 'void [12]' [-Warray-bounds=]
/usr/local/gcc15/lib/gcc/x86_64-pc-linux-gnu/15.1.0/include/emmintrin.h:701:11: warning: array subscript [1, 576460752303423487] is outside array bounds of 'void [12]' [-Warray-bounds=]
See ‘/data/gannet/ripley/R/packages/tests-devel/tinyVAST.Rcheck/00install.out’ for details.
* used C++ compiler: ‘g++-15 (GCC) 15.1.0’
Flavor: r-devel-linux-x86_64-fedora-gcc
Version: 1.1.0
Check: whether package can be installed
Result: WARN
Found the following significant warnings:
D:/rtools45/x86_64-w64-mingw32.static.posix/lib/gcc/x86_64-w64-mingw32.static.posix/14.2.0/include/emmintrin.h:700:11: warning: array subscript 'const __m128i[0]' is partly outside array bounds of 'unsigned char [12]' [-Warray-bounds=]
D:/rtools45/x86_64-w64-mingw32.static.posix/lib/gcc/x86_64-w64-mingw32.static.posix/14.2.0/include/emmintrin.h:700:11: warning: array subscript 1 is outside array bounds of 'void [12]' [-Warray-bounds=]
D:/rtools45/x86_64-w64-mingw32.static.posix/lib/gcc/x86_64-w64-mingw32.static.posix/14.2.0/include/emmintrin.h:700:11: warning: array subscript [1, 576460752303423487] is outside array bounds of 'void [12]' [-Warray-bounds=]
See 'd:/Rcompile/CRANpkg/local/4.6/tinyVAST.Rcheck/00install.out' for details.
* used C++ compiler: 'g++.exe (GCC) 14.2.0'
Flavor: r-devel-windows-x86_64
Version: 1.1.0
Check: installed package size
Result: NOTE
installed size is 101.1Mb
sub-directories of 1Mb or more:
data 2.3Mb
libs 97.8Mb
Flavors: r-oldrel-macos-arm64, r-oldrel-macos-x86_64, r-oldrel-windows-x86_64