Last updated on 2025-04-30 02:50:54 CEST.
Flavor | Version | Tinstall | Tcheck | Ttotal | Status | Flags |
---|---|---|---|---|---|---|
r-devel-linux-x86_64-debian-clang | 0.5.2 | 4.77 | 103.71 | 108.48 | NOTE | |
r-devel-linux-x86_64-debian-gcc | 0.5.2 | 3.13 | 76.37 | 79.50 | NOTE | |
r-devel-linux-x86_64-fedora-clang | 0.5.2 | 172.45 | OK | |||
r-devel-linux-x86_64-fedora-gcc | 0.5.2 | 172.35 | OK | |||
r-devel-windows-x86_64 | 0.5.2 | 6.00 | 126.00 | 132.00 | OK | |
r-patched-linux-x86_64 | 0.5.2 | 4.14 | 101.34 | 105.48 | OK | |
r-release-linux-x86_64 | 0.5.2 | 3.86 | 102.22 | 106.08 | OK | |
r-release-macos-arm64 | 0.5.2 | 48.00 | OK | |||
r-release-macos-x86_64 | 0.5.2 | 88.00 | OK | |||
r-release-windows-x86_64 | 0.5.2 | 6.00 | 117.00 | 123.00 | OK | |
r-oldrel-macos-arm64 | 0.5.2 | 45.00 | OK | |||
r-oldrel-macos-x86_64 | 0.5.2 | 97.00 | OK | |||
r-oldrel-windows-x86_64 | 0.5.2 | 7.00 | 149.00 | 156.00 | OK |
Version: 0.5.2
Check: examples
Result: NOTE
Examples with CPU (user + system) or elapsed time > 5s
user system elapsed
create_posterior_data 5.660 0.209 6.929
oc_coverage 4.472 0.033 5.374
Flavor: r-devel-linux-x86_64-debian-clang
Version: 0.5.2
Check: examples
Result: NOTE
Examples with CPU (user + system) or elapsed time > 5s
user system elapsed
create_posterior_data 4.258 0.155 5.092
Flavor: r-devel-linux-x86_64-debian-gcc