Last updated on 2025-10-31 01:49:17 CET.
| Flavor | Version | Tinstall | Tcheck | Ttotal | Status | Flags | 
|---|---|---|---|---|---|---|
| r-devel-linux-x86_64-debian-clang | 0.1.7 | 3.14 | 30.61 | 33.75 | NOTE | |
| r-devel-linux-x86_64-debian-gcc | 0.1.7 | 3.59 | 31.92 | 35.51 | NOTE | |
| r-devel-linux-x86_64-fedora-clang | 0.1.7 | 51.18 | OK | |||
| r-devel-linux-x86_64-fedora-gcc | 0.1.7 | 49.17 | OK | |||
| r-devel-windows-x86_64 | 0.1.7 | 3.00 | 48.00 | 51.00 | OK | |
| r-patched-linux-x86_64 | 0.1.7 | 2.73 | 22.88 | 25.61 | OK | |
| r-release-linux-x86_64 | 0.1.7 | 2.53 | 22.68 | 25.21 | OK | |
| r-release-macos-arm64 | 0.1.7 | 2.00 | 26.00 | 28.00 | OK | |
| r-release-macos-x86_64 | 0.1.7 | 4.00 | 33.00 | 37.00 | OK | |
| r-release-windows-x86_64 | 0.1.7 | 4.00 | 54.00 | 58.00 | OK | |
| r-oldrel-macos-arm64 | 0.1.7 | 2.00 | 23.00 | 25.00 | OK | |
| r-oldrel-macos-x86_64 | 0.1.7 | 5.00 | 31.00 | 36.00 | OK | |
| r-oldrel-windows-x86_64 | 0.1.7 | 3.00 | 49.00 | 52.00 | OK | 
Version: 0.1.7
Check: CRAN incoming feasibility
Result: NOTE
  Maintainer: ‘Filipe Campelo <fcampelo@ci.uc.pt>’
  
  No Authors@R field in DESCRIPTION.
  Please add one, modifying
    Authors@R: person(given = "Filipe",
                      family = "Campelo",
                      role = c("aut", "cre"),
                      email = "fcampelo@ci.uc.pt")
  as necessary.
Flavors: r-devel-linux-x86_64-debian-clang, r-devel-linux-x86_64-debian-gcc