CRAN Package Check Results for Package tlars

Last updated on 2023-06-06 01:54:18 CEST.

Flavor Version Tinstall Tcheck Ttotal Status Flags
r-devel-linux-x86_64-debian-clang 0.0.1 59.36 105.76 165.12 NOTE
r-devel-linux-x86_64-debian-gcc 0.0.1 48.49 83.22 131.71 NOTE
r-devel-linux-x86_64-fedora-clang 0.0.1 219.87 NOTE
r-devel-linux-x86_64-fedora-gcc 0.0.1 236.43 NOTE
r-devel-windows-x86_64 0.0.1 46.00 127.00 173.00 NOTE
r-patched-linux-x86_64 0.0.1 46.68 99.96 146.64 NOTE
r-release-linux-x86_64 0.0.1 49.11 93.92 143.03 NOTE
r-release-macos-arm64 0.0.1 76.00 NOTE
r-release-macos-x86_64 0.0.1 130.00 NOTE
r-release-windows-x86_64 0.0.1 56.00 153.00 209.00 NOTE
r-oldrel-macos-arm64 0.0.1 75.00 NOTE
r-oldrel-macos-x86_64 0.0.1 96.00 NOTE
r-oldrel-windows-x86_64 0.0.1 56.00 155.00 211.00 OK

Check Details

Version: 0.0.1
Check: C++ specification
Result: NOTE
     Specified C++11: please drop specification unless essential
Flavors: r-devel-linux-x86_64-debian-clang, r-devel-linux-x86_64-debian-gcc, r-devel-linux-x86_64-fedora-clang, r-devel-linux-x86_64-fedora-gcc, r-devel-windows-x86_64, r-patched-linux-x86_64, r-release-linux-x86_64, r-release-macos-arm64, r-release-macos-x86_64, r-release-windows-x86_64

Version: 0.0.1
Check: installed package size
Result: NOTE
     installed size is 7.7Mb
     sub-directories of 1Mb or more:
     doc 2.3Mb
     libs 4.9Mb
Flavors: r-release-macos-arm64, r-release-macos-x86_64, r-oldrel-macos-arm64, r-oldrel-macos-x86_64