Last updated on 2024-04-23 01:57:18 CEST.
Flavor | Version | Tinstall | Tcheck | Ttotal | Status | Flags |
---|---|---|---|---|---|---|
r-devel-linux-x86_64-debian-clang | 0.7-12 | 34.85 | 76.72 | 111.57 | NOTE | |
r-devel-linux-x86_64-debian-gcc | 0.7-13 | 25.08 | 57.80 | 82.88 | NOTE | |
r-devel-linux-x86_64-fedora-clang | 0.7-13 | 167.65 | NOTE | |||
r-devel-linux-x86_64-fedora-gcc | 0.7-13 | 161.24 | NOTE | |||
r-prerel-macos-arm64 | 0.7-13 | 76.00 | NOTE | |||
r-prerel-macos-x86_64 | 0.7-13 | 174.00 | NOTE | |||
r-prerel-windows-x86_64 | 0.7-12 | 31.00 | 138.00 | 169.00 | NOTE | |
r-patched-linux-x86_64 | 0.7-12 | 36.86 | 61.63 | 98.49 | NOTE | |
r-release-linux-x86_64 | 0.7-13 | 31.89 | 75.10 | 106.99 | NOTE | |
r-release-macos-arm64 | 0.7-13 | 82.00 | NOTE | |||
r-release-macos-x86_64 | 0.7-13 | 181.00 | NOTE | |||
r-release-windows-x86_64 | 0.7-13 | 36.00 | 122.00 | 158.00 | NOTE | |
r-oldrel-macos-arm64 | 0.7-13 | 52.00 | NOTE | |||
r-oldrel-windows-x86_64 | 0.7-12 | 37.00 | 141.00 | 178.00 | NOTE |
Version: 0.7-12
Check: package dependencies
Result: NOTE
Packages suggested but not available for checking:
'Rcampdf', 'tm.lexicon.GeneralInquirer'
Flavors: r-devel-linux-x86_64-debian-clang, r-patched-linux-x86_64
Version: 0.7-13
Check: package dependencies
Result: NOTE
Packages suggested but not available for checking:
'Rcampdf', 'tm.lexicon.GeneralInquirer'
Flavors: r-devel-linux-x86_64-debian-gcc, r-devel-linux-x86_64-fedora-clang, r-devel-linux-x86_64-fedora-gcc, r-prerel-macos-arm64, r-prerel-macos-x86_64, r-release-linux-x86_64, r-release-macos-arm64, r-release-macos-x86_64, r-oldrel-macos-arm64
Version: 0.7-13
Check: Rd cross-references
Result: NOTE
Undeclared packages ‘tm.plugin.dc’, ‘readtext’, ‘graph’, ‘tau’, ‘tokenizers’ in Rd xrefs
Flavor: r-devel-linux-x86_64-fedora-clang
Version: 0.7-12
Check: package dependencies
Result: NOTE
Packages suggested but not available for checking:
'Rcampdf', 'Rpoppler', 'tm.lexicon.GeneralInquirer'
Flavors: r-prerel-windows-x86_64, r-oldrel-windows-x86_64
Version: 0.7-13
Check: package dependencies
Result: NOTE
Packages suggested but not available for checking:
'Rcampdf', 'Rpoppler', 'tm.lexicon.GeneralInquirer'
Flavor: r-release-windows-x86_64