Last updated on 2023-06-06 01:54:18 CEST.
Flavor | Version | Tinstall | Tcheck | Ttotal | Status | Flags |
---|---|---|---|---|---|---|
r-devel-linux-x86_64-debian-clang | 1.0.9 | 106.30 | 133.90 | 240.20 | NOTE | |
r-devel-linux-x86_64-debian-gcc | 1.0.9 | 107.97 | 108.94 | 216.91 | NOTE | |
r-devel-linux-x86_64-fedora-clang | 1.0.9 | 319.68 | NOTE | |||
r-devel-linux-x86_64-fedora-gcc | 1.0.9 | 360.26 | NOTE | |||
r-devel-windows-x86_64 | 1.0.9 | 103.00 | 141.00 | 244.00 | NOTE | |
r-patched-linux-x86_64 | 1.0.9 | 86.75 | 134.96 | 221.71 | NOTE | |
r-release-linux-x86_64 | 1.0.9 | 111.91 | 134.32 | 246.23 | NOTE | |
r-release-macos-arm64 | 1.0.9 | 107.00 | NOTE | |||
r-release-macos-x86_64 | 1.0.9 | 162.00 | NOTE | |||
r-release-windows-x86_64 | 1.0.9 | 132.00 | 163.00 | 295.00 | NOTE | |
r-oldrel-macos-arm64 | 1.0.9 | 103.00 | NOTE | |||
r-oldrel-macos-x86_64 | 1.0.9 | 131.00 | NOTE | |||
r-oldrel-windows-x86_64 | 1.0.9 | 116.00 | 160.00 | 276.00 | NOTE |
Version: 1.0.9
Check: for GNU extensions in Makefiles
Result: NOTE
GNU make is a SystemRequirements.
Flavors: r-devel-linux-x86_64-debian-clang, r-devel-linux-x86_64-debian-gcc, r-devel-linux-x86_64-fedora-clang, r-devel-linux-x86_64-fedora-gcc, r-devel-windows-x86_64, r-patched-linux-x86_64, r-release-linux-x86_64, r-release-macos-arm64, r-release-macos-x86_64, r-release-windows-x86_64, r-oldrel-macos-arm64, r-oldrel-macos-x86_64, r-oldrel-windows-x86_64
Version: 1.0.9
Check: installed package size
Result: NOTE
installed size is 32.4Mb
sub-directories of 1Mb or more:
libs 32.1Mb
Flavors: r-release-macos-arm64, r-release-macos-x86_64, r-oldrel-macos-arm64, r-oldrel-macos-x86_64