Last updated on 2024-08-16 01:48:32 CEST.
Flavor | Version | Tinstall | Tcheck | Ttotal | Status | Flags |
---|---|---|---|---|---|---|
r-devel-linux-x86_64-debian-clang | 1.0.3 | 3.38 | 27.27 | 30.65 | NOTE | |
r-devel-linux-x86_64-debian-gcc | 1.0.3 | 2.11 | 20.21 | 22.32 | NOTE | |
r-devel-linux-x86_64-fedora-clang | 1.0.3 | 48.32 | NOTE | |||
r-devel-linux-x86_64-fedora-gcc | 1.0.3 | 46.92 | NOTE | |||
r-devel-windows-x86_64 | 1.0.3 | 4.00 | 47.00 | 51.00 | NOTE | |
r-patched-linux-x86_64 | 1.0.3 | 3.23 | 26.12 | 29.35 | NOTE | |
r-release-linux-x86_64 | 1.0.3 | 2.99 | 26.32 | 29.31 | NOTE | |
r-release-macos-arm64 | 1.0.3 | 18.00 | NOTE | |||
r-release-macos-x86_64 | 1.0.3 | 27.00 | NOTE | |||
r-release-windows-x86_64 | 1.0.3 | 5.00 | 48.00 | 53.00 | NOTE | |
r-oldrel-macos-arm64 | 1.0.3 | 19.00 | NOTE | |||
r-oldrel-macos-x86_64 | 1.0.3 | 26.00 | NOTE | |||
r-oldrel-windows-x86_64 | 1.0.3 | 6.00 | 52.00 | 58.00 | NOTE |
Version: 1.0.3
Check: LazyData
Result: NOTE
'LazyData' is specified without a 'data' directory
Flavors: r-devel-linux-x86_64-debian-clang, r-devel-linux-x86_64-debian-gcc, r-devel-linux-x86_64-fedora-clang, r-devel-linux-x86_64-fedora-gcc, r-devel-windows-x86_64, r-patched-linux-x86_64, r-release-linux-x86_64, r-release-macos-arm64, r-release-macos-x86_64, r-release-windows-x86_64, r-oldrel-macos-arm64, r-oldrel-macos-x86_64, r-oldrel-windows-x86_64