Last updated on 2024-03-28 01:54:13 CET.
Flavor | Version | Tinstall | Tcheck | Ttotal | Status | Flags |
---|---|---|---|---|---|---|
r-devel-linux-x86_64-debian-clang | 1.6 | 12.58 | 114.77 | 127.35 | OK | |
r-devel-linux-x86_64-debian-gcc | 1.6 | 9.80 | 86.77 | 96.57 | OK | |
r-devel-linux-x86_64-fedora-clang | 1.6 | 158.42 | NOTE | |||
r-devel-linux-x86_64-fedora-gcc | 1.6 | 173.30 | NOTE | |||
r-devel-windows-x86_64 | 1.6 | 13.00 | 122.00 | 135.00 | OK | |
r-patched-linux-x86_64 | 1.6 | 14.58 | 114.29 | 128.87 | OK | |
r-release-linux-x86_64 | 1.6 | 12.01 | 114.53 | 126.54 | OK | |
r-release-macos-arm64 | 1.6 | 62.00 | OK | |||
r-release-macos-x86_64 | 1.6 | 146.00 | OK | |||
r-release-windows-x86_64 | 1.6 | 17.00 | 139.00 | 156.00 | OK | |
r-oldrel-macos-arm64 | 1.6 | 56.00 | OK | |||
r-oldrel-windows-x86_64 | 1.6 | 16.00 | 144.00 | 160.00 | OK |
Version: 1.6
Check: compiled code
Result: NOTE
File ‘tmvtnorm/libs/tmvtnorm.so’:
Found no calls to: ‘R_registerRoutines’, ‘R_useDynamicSymbols’
It is good practice to register native routines and to disable symbol
search.
See ‘Writing portable packages’ in the ‘Writing R Extensions’ manual.
Flavors: r-devel-linux-x86_64-fedora-clang, r-devel-linux-x86_64-fedora-gcc