CRAN Package Check Results for Package togglr

Last updated on 2022-01-27 08:49:29 CET.

Flavor Version Tinstall Tcheck Ttotal Status Flags
r-devel-linux-x86_64-debian-clang 0.1.33 5.22 63.25 68.47 NOTE
r-devel-linux-x86_64-debian-gcc 0.1.33 4.96 47.55 52.51 NOTE
r-devel-linux-x86_64-fedora-clang 0.1.33 83.18 NOTE
r-devel-linux-x86_64-fedora-gcc 0.1.33 70.84 NOTE
r-devel-windows-x86_64-new-UL 0.1.33 32.00 98.00 130.00 NOTE
r-devel-windows-x86_64-new-TK 0.1.33 NOTE
r-patched-linux-x86_64 0.1.33 6.55 57.80 64.35 NOTE
r-release-linux-x86_64 0.1.33 5.52 56.97 62.49 NOTE
r-release-macos-arm64 0.1.33 NOTE
r-release-macos-x86_64 0.1.33 NOTE
r-release-windows-ix86+x86_64 0.1.33 15.00 71.00 86.00 NOTE
r-oldrel-macos-x86_64 0.1.33 OK
r-oldrel-windows-ix86+x86_64 0.1.33 15.00 72.00 87.00 OK

Check Details

Version: 0.1.33
Check: LazyData
Result: NOTE
     'LazyData' is specified without a 'data' directory
Flavors: r-devel-linux-x86_64-debian-clang, r-devel-linux-x86_64-debian-gcc, r-devel-linux-x86_64-fedora-clang, r-devel-linux-x86_64-fedora-gcc, r-devel-windows-x86_64-new-UL, r-devel-windows-x86_64-new-TK, r-patched-linux-x86_64, r-release-linux-x86_64, r-release-macos-arm64, r-release-macos-x86_64, r-release-windows-ix86+x86_64