Last updated on 2025-10-06 01:50:02 CEST.
Flavor | Version | Tinstall | Tcheck | Ttotal | Status | Flags |
---|---|---|---|---|---|---|
r-devel-linux-x86_64-debian-clang | 0.1.3 | 5.63 | 62.33 | 67.96 | OK | |
r-devel-linux-x86_64-debian-gcc | 0.1.3 | 4.21 | 42.57 | 46.78 | ERROR | |
r-devel-linux-x86_64-fedora-clang | 0.1.3 | 105.80 | OK | |||
r-devel-linux-x86_64-fedora-gcc | 0.1.3 | 116.50 | OK | |||
r-devel-windows-x86_64 | 0.1.3 | 8.00 | 86.00 | 94.00 | OK | |
r-patched-linux-x86_64 | 0.1.3 | 4.74 | 57.27 | 62.01 | OK | |
r-release-linux-x86_64 | 0.1.3 | 4.81 | 56.66 | 61.47 | OK | |
r-release-macos-arm64 | 0.1.3 | 45.00 | OK | |||
r-release-macos-x86_64 | 0.1.3 | 71.00 | OK | |||
r-release-windows-x86_64 | 0.1.3 | 8.00 | 86.00 | 94.00 | OK | |
r-oldrel-macos-arm64 | 0.1.3 | 61.00 | OK | |||
r-oldrel-macos-x86_64 | 0.1.3 | 91.00 | OK | |||
r-oldrel-windows-x86_64 | 0.1.3 | 9.00 | 100.00 | 109.00 | OK |
Version: 0.1.3
Check: re-building of vignette outputs
Result: ERROR
Error(s) in re-building vignettes:
...
--- re-building ‘toolStability.Rmd’ using rmarkdown
[WARNING] Deprecated: --highlight-style. Use --syntax-highlighting instead.
Could not fetch https://tinyurl.com/apa6-meta-analysis
HttpExceptionRequest Request {
host = "tinyurl.com"
port = 443
secure = True
requestHeaders = []
path = "/apa6-meta-analysis"
queryString = ""
method = "GET"
proxy = Nothing
rawBody = False
redirectCount = 10
responseTimeout = ResponseTimeoutDefault
requestVersion = HTTP/1.1
proxySecureMode = ProxySecureWithConnect
}
ResponseTimeout
Error: processing vignette 'toolStability.Rmd' failed with diagnostics:
pandoc document conversion failed with error 61
--- failed re-building ‘toolStability.Rmd’
SUMMARY: processing the following file failed:
‘toolStability.Rmd’
Error: Vignette re-building failed.
Execution halted
Flavor: r-devel-linux-x86_64-debian-gcc