CRAN Package Check Results for Package tracer

Last updated on 2025-11-22 02:53:34 CET.

Flavor Version Tinstall Tcheck Ttotal Status Flags
r-devel-linux-x86_64-debian-clang 1.0.0 2.01 24.25 26.26 OK
r-devel-linux-x86_64-debian-gcc 1.0.0 1.59 19.90 21.49 OK
r-devel-linux-x86_64-fedora-clang 1.0.0 37.47 OK
r-devel-linux-x86_64-fedora-gcc 1.0.0 35.11 OK
r-devel-windows-x86_64 1.0.0 4.00 41.00 45.00 OK
r-patched-linux-x86_64 1.0.0 1.95 22.12 24.07 OK
r-release-linux-x86_64 1.0.0 1.99 22.03 24.02 OK
r-release-macos-arm64 1.0.0 OK
r-release-macos-x86_64 1.0.0 16.00 24.00 40.00 OK
r-release-windows-x86_64 1.0.0 4.00 41.00 45.00 OK
r-oldrel-macos-arm64 1.0.0 NOTE
r-oldrel-macos-x86_64 1.0.0 9.00 21.00 30.00 NOTE
r-oldrel-windows-x86_64 1.0.0 4.00 46.00 50.00 NOTE

Check Details

Version: 1.0.0
Check: LazyData
Result: NOTE 'LazyData' is specified without a 'data' directory Flavors: r-oldrel-macos-arm64, r-oldrel-macos-x86_64, r-oldrel-windows-x86_64