CRAN Package Check Results for Package tracer

Last updated on 2022-05-16 02:51:16 CEST.

Flavor Version Tinstall Tcheck Ttotal Status Flags
r-devel-linux-x86_64-debian-clang 1.0.0 2.15 34.66 36.81 NOTE
r-devel-linux-x86_64-debian-gcc 1.0.0 1.96 27.08 29.04 NOTE
r-devel-linux-x86_64-fedora-clang 1.0.0 45.84 NOTE
r-devel-linux-x86_64-fedora-gcc 1.0.0 43.96 NOTE
r-devel-windows-x86_64 1.0.0 17.00 52.00 69.00 NOTE
r-patched-linux-x86_64 1.0.0 2.31 33.42 35.73 NOTE
r-release-linux-x86_64 1.0.0 1.98 33.29 35.27 NOTE
r-release-macos-arm64 1.0.0 22.00 NOTE
r-release-macos-x86_64 1.0.0 28.00 NOTE
r-release-windows-x86_64 1.0.0 13.00 59.00 72.00 NOTE
r-oldrel-macos-arm64 1.0.0 22.00 NOTE
r-oldrel-macos-x86_64 1.0.0 39.00 NOTE
r-oldrel-windows-ix86+x86_64 1.0.0 5.00 43.00 48.00 NOTE

Check Details

Version: 1.0.0
Check: LazyData
Result: NOTE
     'LazyData' is specified without a 'data' directory
Flavors: r-devel-linux-x86_64-debian-clang, r-devel-linux-x86_64-debian-gcc, r-devel-linux-x86_64-fedora-clang, r-devel-linux-x86_64-fedora-gcc, r-devel-windows-x86_64, r-patched-linux-x86_64, r-release-linux-x86_64, r-release-macos-arm64, r-release-macos-x86_64, r-release-windows-x86_64, r-oldrel-macos-arm64, r-oldrel-macos-x86_64, r-oldrel-windows-ix86+x86_64