CRAN Package Check Results for Package trackdf

Last updated on 2022-06-30 01:49:22 CEST.

Flavor Version Tinstall Tcheck Ttotal Status Flags
r-devel-linux-x86_64-debian-clang 0.2.2 3.62 88.94 92.56 OK
r-devel-linux-x86_64-debian-gcc 0.2.2 2.07 67.85 69.92 OK
r-devel-linux-x86_64-fedora-clang 0.2.2 118.59 NOTE
r-devel-linux-x86_64-fedora-gcc 0.2.2 116.06 OK
r-devel-windows-x86_64 0.2.2 31.00 163.00 194.00 OK
r-patched-linux-x86_64 0.2.2 3.12 86.16 89.28 OK
r-release-linux-x86_64 0.2.2 2.67 85.18 87.85 OK
r-release-macos-arm64 0.2.2 36.00 OK
r-release-macos-x86_64 0.2.2 55.00 OK
r-release-windows-x86_64 0.2.2 27.00 153.00 180.00 OK
r-oldrel-macos-arm64 0.2.2 52.00 OK
r-oldrel-macos-x86_64 0.2.2 58.00 OK
r-oldrel-windows-ix86+x86_64 0.2.2 8.00 123.00 131.00 OK

Check Details

Version: 0.2.2
Check: Rd cross-references
Result: NOTE
    Undeclared package ‘rlang’ in Rd xrefs
Flavor: r-devel-linux-x86_64-fedora-clang