Last updated on 2024-08-16 01:48:32 CEST.
Flavor | Version | Tinstall | Tcheck | Ttotal | Status | Flags |
---|---|---|---|---|---|---|
r-devel-linux-x86_64-debian-clang | 0.3.3 | 6.53 | 89.37 | 95.90 | OK | |
r-devel-linux-x86_64-debian-gcc | 0.3.3 | 4.93 | 63.77 | 68.70 | OK | |
r-devel-linux-x86_64-fedora-clang | 0.3.3 | 155.41 | NOTE | |||
r-devel-linux-x86_64-fedora-gcc | 0.3.3 | 164.72 | OK | |||
r-devel-windows-x86_64 | 0.3.3 | 8.00 | 111.00 | 119.00 | OK | |
r-patched-linux-x86_64 | 0.3.3 | 7.01 | 85.91 | 92.92 | OK | |
r-release-linux-x86_64 | 0.3.3 | 6.55 | 85.82 | 92.37 | OK | |
r-release-macos-arm64 | 0.3.3 | 54.00 | OK | |||
r-release-macos-x86_64 | 0.3.3 | 81.00 | OK | |||
r-release-windows-x86_64 | 0.3.3 | 8.00 | 114.00 | 122.00 | OK | |
r-oldrel-macos-arm64 | 0.3.3 | 67.00 | OK | |||
r-oldrel-macos-x86_64 | 0.3.3 | 117.00 | OK | |||
r-oldrel-windows-x86_64 | 0.3.3 | 11.00 | 128.00 | 139.00 | OK |
Version: 0.3.3
Check: Rd cross-references
Result: NOTE
Undeclared package ‘rlang’ in Rd xrefs
Flavor: r-devel-linux-x86_64-fedora-clang