Last updated on 2025-05-19 01:50:11 CEST.
Flavor | Version | Tinstall | Tcheck | Ttotal | Status | Flags |
---|---|---|---|---|---|---|
r-devel-linux-x86_64-debian-clang | 0.1.0 | 14.43 | 151.07 | 165.50 | OK | |
r-devel-linux-x86_64-debian-gcc | 0.1.0 | 8.93 | 94.77 | 103.70 | OK | |
r-devel-linux-x86_64-fedora-clang | 0.1.0 | 268.28 | NOTE | |||
r-devel-linux-x86_64-fedora-gcc | 0.1.0 | 245.92 | NOTE | |||
r-devel-windows-x86_64 | 0.1.0 | 16.00 | 148.00 | 164.00 | OK | |
r-patched-linux-x86_64 | 0.1.0 | 12.50 | 142.79 | 155.29 | OK | |
r-release-linux-x86_64 | 0.1.0 | 11.51 | 143.32 | 154.83 | OK | |
r-release-macos-arm64 | 0.1.0 | 65.00 | OK | |||
r-release-macos-x86_64 | 0.1.0 | 112.00 | OK | |||
r-release-windows-x86_64 | 0.1.0 | 17.00 | 142.00 | 159.00 | OK | |
r-oldrel-macos-arm64 | 0.1.0 | 70.00 | OK | |||
r-oldrel-macos-x86_64 | 0.1.0 | 133.00 | OK | |||
r-oldrel-windows-x86_64 | 0.1.0 | 19.00 | 181.00 | 200.00 | OK |
Version: 0.1.0
Check: dependencies in R code
Result: NOTE
Namespace in Imports field not imported from: ‘speedglm’
All declared Imports should be used.
Flavors: r-devel-linux-x86_64-fedora-clang, r-devel-linux-x86_64-fedora-gcc