Last updated on 2022-05-16 02:51:16 CEST.
Flavor | Version | Tinstall | Tcheck | Ttotal | Status | Flags |
---|---|---|---|---|---|---|
r-devel-linux-x86_64-debian-clang | 0.6.0 | 13.51 | 121.94 | 135.45 | OK | |
r-devel-linux-x86_64-debian-gcc | 0.6.0 | 11.32 | 92.85 | 104.17 | OK | |
r-devel-linux-x86_64-fedora-clang | 0.6.0 | 162.90 | NOTE | |||
r-devel-linux-x86_64-fedora-gcc | 0.6.0 | 152.01 | NOTE | |||
r-devel-windows-x86_64 | 0.6.0 | 20.00 | 133.00 | 153.00 | OK | |
r-patched-linux-x86_64 | 0.6.0 | 11.89 | 114.02 | 125.91 | OK | |
r-release-linux-x86_64 | 0.6.0 | 10.17 | 112.91 | 123.08 | OK | |
r-release-macos-arm64 | 0.6.0 | 44.00 | NOTE | |||
r-release-macos-x86_64 | 0.6.0 | 76.00 | NOTE | |||
r-release-windows-x86_64 | 0.6.0 | 21.00 | 132.00 | 153.00 | OK | |
r-oldrel-macos-arm64 | 0.6.0 | 41.00 | NOTE | |||
r-oldrel-macos-x86_64 | 0.6.0 | 65.00 | NOTE | |||
r-oldrel-windows-ix86+x86_64 | 0.6.0 | 31.00 | 139.00 | 170.00 | OK |
Version: 0.6.0
Check: dependencies in R code
Result: NOTE
Namespace in Imports field not imported from: ‘tibble’
All declared Imports should be used.
Flavors: r-devel-linux-x86_64-fedora-clang, r-devel-linux-x86_64-fedora-gcc, r-release-macos-arm64, r-release-macos-x86_64, r-oldrel-macos-arm64, r-oldrel-macos-x86_64