Last updated on 2025-05-12 01:49:27 CEST.
Flavor | Version | Tinstall | Tcheck | Ttotal | Status | Flags |
---|---|---|---|---|---|---|
r-devel-linux-x86_64-debian-clang | 0.1.0 | 11.38 | 234.82 | 246.20 | NOTE | |
r-devel-linux-x86_64-debian-gcc | 0.1.0 | 7.25 | 158.55 | 165.80 | NOTE | |
r-devel-linux-x86_64-fedora-clang | 0.1.0 | 370.16 | NOTE | |||
r-devel-linux-x86_64-fedora-gcc | 0.1.0 | 385.98 | NOTE | |||
r-devel-windows-x86_64 | 0.1.0 | 11.00 | 232.00 | 243.00 | NOTE | |
r-patched-linux-x86_64 | 0.1.0 | 11.03 | 216.63 | 227.66 | NOTE | |
r-release-linux-x86_64 | 0.1.0 | 10.27 | 215.12 | 225.39 | NOTE | |
r-release-macos-arm64 | 0.1.0 | 120.00 | NOTE | |||
r-release-macos-x86_64 | 0.1.0 | 230.00 | NOTE | |||
r-release-windows-x86_64 | 0.1.0 | 13.00 | 234.00 | 247.00 | NOTE | |
r-oldrel-macos-arm64 | 0.1.0 | 110.00 | NOTE | |||
r-oldrel-macos-x86_64 | 0.1.0 | 177.00 | NOTE | |||
r-oldrel-windows-x86_64 | 0.1.0 | 14.00 | 301.00 | 315.00 | NOTE |
Version: 0.1.0
Check: Rd files
Result: NOTE
checkRd: (-1) trait_missing.Rd:17-18: Lost braces in \itemize; \value handles \item{}{} directly
checkRd: (-1) trait_missing.Rd:19-20: Lost braces in \itemize; \value handles \item{}{} directly
checkRd: (-1) trait_missing.Rd:21-22: Lost braces in \itemize; \value handles \item{}{} directly
checkRd: (-1) trait_missing.Rd:23-24: Lost braces in \itemize; \value handles \item{}{} directly
Flavors: r-devel-linux-x86_64-debian-clang, r-devel-linux-x86_64-debian-gcc, r-devel-linux-x86_64-fedora-clang, r-devel-linux-x86_64-fedora-gcc, r-devel-windows-x86_64, r-patched-linux-x86_64, r-release-linux-x86_64, r-release-macos-arm64, r-release-macos-x86_64, r-release-windows-x86_64, r-oldrel-macos-arm64, r-oldrel-macos-x86_64, r-oldrel-windows-x86_64