Last updated on 2025-05-29 02:51:05 CEST.
Flavor | Version | Tinstall | Tcheck | Ttotal | Status | Flags |
---|---|---|---|---|---|---|
r-devel-linux-x86_64-debian-clang | 0.11.1 | 265.78 | 65.94 | 331.72 | OK | |
r-devel-linux-x86_64-debian-gcc | 0.11.1 | 154.19 | 43.70 | 197.89 | OK | |
r-devel-linux-x86_64-fedora-clang | 0.11.1 | 571.66 | OK | |||
r-devel-linux-x86_64-fedora-gcc | 0.11.1 | 518.83 | OK | |||
r-devel-windows-x86_64 | 0.11.1 | 215.00 | 101.00 | 316.00 | OK | |
r-patched-linux-x86_64 | 0.11.1 | 224.91 | 60.68 | 285.59 | OK | |
r-release-linux-x86_64 | 0.11.1 | 220.91 | 61.86 | 282.77 | OK | |
r-release-macos-arm64 | 0.11.1 | 107.00 | OK | |||
r-release-macos-x86_64 | 0.11.1 | 101.00 | OK | |||
r-release-windows-x86_64 | 0.11.1 | 212.00 | 111.00 | 323.00 | OK | |
r-oldrel-macos-arm64 | 0.11.1 | 116.00 | NOTE | |||
r-oldrel-macos-x86_64 | 0.11.1 | 138.00 | NOTE | |||
r-oldrel-windows-x86_64 | 0.11.1 | 259.00 | 129.00 | 388.00 | OK |
Version: 0.11.1
Check: installed package size
Result: NOTE
installed size is 21.9Mb
sub-directories of 1Mb or more:
libs 20.8Mb
Flavors: r-oldrel-macos-arm64, r-oldrel-macos-x86_64