Last updated on 2024-04-23 01:57:18 CEST.
Flavor | Version | Tinstall | Tcheck | Ttotal | Status | Flags |
---|---|---|---|---|---|---|
r-devel-linux-x86_64-debian-clang | 0.2-8 | 13.98 | 177.29 | 191.27 | NOTE | |
r-devel-linux-x86_64-debian-gcc | 0.2-8 | 10.20 | 130.85 | 141.05 | NOTE | |
r-devel-linux-x86_64-fedora-clang | 0.2-8 | 242.55 | NOTE | |||
r-devel-linux-x86_64-fedora-gcc | 0.2-8 | 241.61 | NOTE | |||
r-prerel-macos-arm64 | 0.2-8 | 71.00 | NOTE | |||
r-prerel-windows-x86_64 | 0.2-8 | 14.00 | 172.00 | 186.00 | NOTE | |
r-patched-linux-x86_64 | 0.2-8 | 15.91 | 167.38 | 183.29 | NOTE | |
r-release-linux-x86_64 | 0.2-8 | 14.77 | 167.44 | 182.21 | NOTE | |
r-release-macos-arm64 | 0.2-8 | 78.00 | NOTE | |||
r-release-macos-x86_64 | 0.2-8 | 190.00 | NOTE | |||
r-release-windows-x86_64 | 0.2-8 | 16.00 | 204.00 | 220.00 | NOTE | |
r-oldrel-macos-arm64 | 0.2-8 | 76.00 | NOTE | |||
r-oldrel-windows-x86_64 | 0.2-8 | 17.00 | 218.00 | 235.00 | NOTE |
Version: 0.2-8
Check: package dependencies
Result: NOTE
Package suggested but not available for checking: ‘taxidata’
Flavors: r-devel-linux-x86_64-debian-clang, r-devel-linux-x86_64-debian-gcc, r-devel-linux-x86_64-fedora-clang, r-devel-linux-x86_64-fedora-gcc, r-prerel-macos-arm64, r-prerel-windows-x86_64, r-patched-linux-x86_64, r-release-linux-x86_64, r-release-macos-arm64, r-release-macos-x86_64, r-release-windows-x86_64, r-oldrel-macos-arm64, r-oldrel-windows-x86_64