Last updated on 2024-03-28 01:54:13 CET.
Flavor | Version | Tinstall | Tcheck | Ttotal | Status | Flags |
---|---|---|---|---|---|---|
r-devel-linux-x86_64-debian-clang | 0.0.1 | 4.02 | 61.30 | 65.32 | NOTE | |
r-devel-linux-x86_64-debian-gcc | 0.0.1 | 3.08 | 48.24 | 51.32 | NOTE | |
r-devel-linux-x86_64-fedora-clang | 0.0.1 | 83.57 | NOTE | |||
r-devel-linux-x86_64-fedora-gcc | 0.0.1 | 98.21 | NOTE | |||
r-devel-windows-x86_64 | 0.0.1 | 5.00 | 81.00 | 86.00 | NOTE | |
r-patched-linux-x86_64 | 0.0.1 | 3.90 | 60.83 | 64.73 | NOTE | |
r-release-linux-x86_64 | 0.0.1 | 3.95 | 60.42 | 64.37 | NOTE | |
r-release-macos-arm64 | 0.0.1 | 35.00 | NOTE | |||
r-release-macos-x86_64 | 0.0.1 | 54.00 | NOTE | |||
r-release-windows-x86_64 | 0.0.1 | 6.00 | 86.00 | 92.00 | NOTE | |
r-oldrel-macos-arm64 | 0.0.1 | 31.00 | NOTE | |||
r-oldrel-windows-x86_64 | 0.0.1 | 6.00 | 82.00 | 88.00 | NOTE |
Version: 0.0.1
Check: LazyData
Result: NOTE
'LazyData' is specified without a 'data' directory
Flavors: r-devel-linux-x86_64-debian-clang, r-devel-linux-x86_64-debian-gcc, r-devel-linux-x86_64-fedora-clang, r-devel-linux-x86_64-fedora-gcc, r-devel-windows-x86_64, r-patched-linux-x86_64, r-release-linux-x86_64, r-release-macos-arm64, r-release-macos-x86_64, r-release-windows-x86_64, r-oldrel-macos-arm64, r-oldrel-windows-x86_64