Last updated on 2022-05-22 01:51:41 CEST.
Flavor | Version | Tinstall | Tcheck | Ttotal | Status | Flags |
---|---|---|---|---|---|---|
r-devel-linux-x86_64-debian-clang | 0.2.2 | 3.36 | 118.12 | 121.48 | NOTE | |
r-devel-linux-x86_64-debian-gcc | 0.2.2 | 3.10 | 87.66 | 90.76 | NOTE | |
r-devel-linux-x86_64-fedora-clang | 0.2.2 | 144.77 | NOTE | |||
r-devel-linux-x86_64-fedora-gcc | 0.2.2 | 147.84 | NOTE | |||
r-devel-windows-x86_64 | 0.2.2 | 17.00 | 198.00 | 215.00 | NOTE | |
r-patched-linux-x86_64 | 0.2.2 | 3.86 | 114.87 | 118.73 | NOTE | |
r-release-linux-x86_64 | 0.2.2 | 2.96 | 115.17 | 118.13 | NOTE | |
r-release-macos-arm64 | 0.2.2 | 55.00 | NOTE | |||
r-release-macos-x86_64 | 0.2.2 | 105.00 | NOTE | |||
r-release-windows-x86_64 | 0.2.2 | 21.00 | 192.00 | 213.00 | NOTE | |
r-oldrel-macos-arm64 | 0.2.2 | 68.00 | NOTE | |||
r-oldrel-macos-x86_64 | 0.2.2 | 126.00 | NOTE | |||
r-oldrel-windows-ix86+x86_64 | 0.2.2 | 11.00 | 184.00 | 195.00 | NOTE |
Version: 0.2.2
Check: LazyData
Result: NOTE
'LazyData' is specified without a 'data' directory
Flavors: r-devel-linux-x86_64-debian-clang, r-devel-linux-x86_64-debian-gcc, r-devel-linux-x86_64-fedora-clang, r-devel-linux-x86_64-fedora-gcc, r-devel-windows-x86_64, r-patched-linux-x86_64, r-release-linux-x86_64, r-release-macos-arm64, r-release-macos-x86_64, r-release-windows-x86_64, r-oldrel-macos-arm64, r-oldrel-macos-x86_64, r-oldrel-windows-ix86+x86_64