Last updated on 2024-03-29 01:51:21 CET.
Flavor | Version | Tinstall | Tcheck | Ttotal | Status | Flags |
---|---|---|---|---|---|---|
r-devel-linux-x86_64-debian-clang | 0.2.2 | 4.62 | 111.05 | 115.67 | NOTE | |
r-devel-linux-x86_64-debian-gcc | 0.2.2 | 3.51 | 81.71 | 85.22 | NOTE | |
r-devel-linux-x86_64-fedora-clang | 0.2.2 | 141.92 | NOTE | |||
r-devel-linux-x86_64-fedora-gcc | 0.2.2 | 156.31 | NOTE | |||
r-devel-windows-x86_64 | 0.2.2 | 6.00 | 181.00 | 187.00 | NOTE | |
r-patched-linux-x86_64 | 0.2.2 | 4.28 | 109.72 | 114.00 | NOTE | |
r-release-linux-x86_64 | 0.2.2 | 4.30 | 111.98 | 116.28 | NOTE | |
r-release-macos-arm64 | 0.2.2 | 69.00 | NOTE | |||
r-release-macos-x86_64 | 0.2.2 | 101.00 | NOTE | |||
r-release-windows-x86_64 | 0.2.2 | 6.00 | 172.00 | 178.00 | NOTE | |
r-oldrel-macos-arm64 | 0.2.2 | 55.00 | NOTE | |||
r-oldrel-windows-x86_64 | 0.2.2 | 7.00 | 170.00 | 177.00 | NOTE |
Version: 0.2.2
Check: LazyData
Result: NOTE
'LazyData' is specified without a 'data' directory
Flavors: r-devel-linux-x86_64-debian-clang, r-devel-linux-x86_64-debian-gcc, r-devel-linux-x86_64-fedora-clang, r-devel-linux-x86_64-fedora-gcc, r-devel-windows-x86_64, r-patched-linux-x86_64, r-release-linux-x86_64, r-release-macos-arm64, r-release-macos-x86_64, r-release-windows-x86_64, r-oldrel-macos-arm64, r-oldrel-windows-x86_64