Last updated on 2024-04-18 01:55:42 CEST.
Flavor | Version | Tinstall | Tcheck | Ttotal | Status | Flags |
---|---|---|---|---|---|---|
r-devel-linux-x86_64-debian-clang | 0.1.1 | 48.71 | 57.01 | 105.72 | NOTE | |
r-devel-linux-x86_64-debian-gcc | 0.1.1 | 32.47 | 43.55 | 76.02 | NOTE | |
r-devel-linux-x86_64-fedora-clang | 0.1.1 | 145.95 | NOTE | |||
r-devel-linux-x86_64-fedora-gcc | 0.1.1 | 153.88 | NOTE | |||
r-prerel-macos-arm64 | 0.1.1 | 40.00 | NOTE | |||
r-prerel-windows-x86_64 | 0.1.1 | 33.00 | 82.00 | 115.00 | NOTE | |
r-patched-linux-x86_64 | 0.1.1 | 43.53 | 55.52 | 99.05 | NOTE | |
r-release-linux-x86_64 | 0.1.1 | 51.58 | 54.46 | 106.04 | NOTE | |
r-release-macos-arm64 | 0.1.1 | 48.00 | NOTE | |||
r-release-macos-x86_64 | 0.1.1 | 77.00 | NOTE | |||
r-release-windows-x86_64 | 0.1.1 | 44.00 | 94.00 | 138.00 | NOTE | |
r-oldrel-macos-arm64 | 0.1.1 | 39.00 | OK | |||
r-oldrel-windows-x86_64 | 0.1.1 | 51.00 | 91.00 | 142.00 | OK |
Version: 0.1.1
Check: C++ specification
Result: NOTE
Specified C++11: please drop specification unless essential
Flavors: r-devel-linux-x86_64-debian-clang, r-devel-linux-x86_64-debian-gcc, r-devel-linux-x86_64-fedora-clang, r-devel-linux-x86_64-fedora-gcc, r-prerel-macos-arm64, r-prerel-windows-x86_64, r-patched-linux-x86_64, r-release-linux-x86_64, r-release-macos-arm64, r-release-macos-x86_64, r-release-windows-x86_64