Last updated on 2025-04-30 02:50:55 CEST.
Flavor | Version | Tinstall | Tcheck | Ttotal | Status | Flags |
---|---|---|---|---|---|---|
r-devel-linux-x86_64-debian-clang | 0.1.0 | 10.93 | 31.09 | 42.02 | NOTE | |
r-devel-linux-x86_64-debian-gcc | 0.1.0 | 7.25 | 23.74 | 30.99 | NOTE | |
r-devel-linux-x86_64-fedora-clang | 0.1.0 | 76.86 | OK | |||
r-devel-linux-x86_64-fedora-gcc | 0.1.0 | 103.82 | OK | |||
r-devel-windows-x86_64 | 0.1.0 | 15.00 | 71.00 | 86.00 | OK | |
r-patched-linux-x86_64 | 0.1.0 | 10.09 | 29.91 | 40.00 | OK | |
r-release-linux-x86_64 | 0.1.0 | 10.31 | 29.66 | 39.97 | OK | |
r-release-macos-arm64 | 0.1.0 | 58.00 | OK | |||
r-release-macos-x86_64 | 0.1.0 | 79.00 | OK | |||
r-release-windows-x86_64 | 0.1.0 | 15.00 | 68.00 | 83.00 | OK | |
r-oldrel-macos-arm64 | 0.1.0 | 44.00 | OK | |||
r-oldrel-macos-x86_64 | 0.1.0 | 56.00 | OK | |||
r-oldrel-windows-x86_64 | 0.1.0 | 17.00 | 77.00 | 94.00 | OK |
Version: 0.1.0
Check: CRAN incoming feasibility
Result: NOTE
Maintainer: ‘Erik Volz <erik.volz@gmail.com>’
No Authors@R field in DESCRIPTION.
Please add one, modifying
Authors@R: person(given = "Erik",
family = "Volz",
role = c("aut", "cre"),
email = "erik.volz@gmail.com")
as necessary.
Flavors: r-devel-linux-x86_64-debian-clang, r-devel-linux-x86_64-debian-gcc